{"id":5252,"date":"2025-07-29T16:59:13","date_gmt":"2025-07-29T15:59:13","guid":{"rendered":"https:\/\/nntt.auria.org\/index.php\/producte\/suport-per-mbil-duna-m\/"},"modified":"2025-09-05T08:59:25","modified_gmt":"2025-09-05T07:59:25","slug":"suport-per-mobil-duna-ma","status":"publish","type":"product","link":"https:\/\/nntt2.auria.org\/index.php\/producte\/suport-per-mobil-duna-ma\/","title":{"rendered":"Suport per m\u00f2bil d&#8217;una m\u00e0"},"content":{"rendered":"<p data-pm-slice=\"1 1 []\">Petit objecte que serveix de suport per aguantar el m\u00f2bil de forma m\u00e9s c\u00f2moda amb una m\u00e0 mentre s&#8217;utilitza.<\/p>\n<p>Creat per l&#8217;usuari AlAmBrAtOr de la plataforma MakerWorld<\/p>\n","protected":false},"excerpt":{"rendered":"<p>Petit objecte que serveix de suport per aguantar el m\u00f2bil de forma m\u00e9s c\u00f2moda amb una m\u00e0 mentre s&#8217;utilitza. Creat per l&#8217;usuari AlAmBrAtOr de la plataforma MakerWorld<\/p>\n","protected":false},"featured_media":5334,"template":"","meta":[],"product_brand":[],"product_cat":[403],"product_tag":[],"class_list":{"0":"post-5252","1":"product","2":"type-product","3":"status-publish","4":"has-post-thumbnail","6":"product_cat-vida-diria","8":"first","9":"instock","10":"sold-individually","11":"shipping-taxable","12":"purchasable","13":"product-type-simple"},"_links":{"self":[{"href":"https:\/\/nntt2.auria.org\/index.php\/wp-json\/wp\/v2\/product\/5252","targetHints":{"allow":["GET"]}}],"collection":[{"href":"https:\/\/nntt2.auria.org\/index.php\/wp-json\/wp\/v2\/product"}],"about":[{"href":"https:\/\/nntt2.auria.org\/index.php\/wp-json\/wp\/v2\/types\/product"}],"wp:featuredmedia":[{"embeddable":true,"href":"https:\/\/nntt2.auria.org\/index.php\/wp-json\/wp\/v2\/media\/5334"}],"wp:attachment":[{"href":"https:\/\/nntt2.auria.org\/index.php\/wp-json\/wp\/v2\/media?parent=5252"}],"wp:term":[{"taxonomy":"product_brand","embeddable":true,"href":"https:\/\/nntt2.auria.org\/index.php\/wp-json\/wp\/v2\/product_brand?post=5252"},{"taxonomy":"product_cat","embeddable":true,"href":"https:\/\/nntt2.auria.org\/index.php\/wp-json\/wp\/v2\/product_cat?post=5252"},{"taxonomy":"product_tag","embeddable":true,"href":"https:\/\/nntt2.auria.org\/index.php\/wp-json\/wp\/v2\/product_tag?post=5252"}],"curies":[{"name":"wp","href":"https:\/\/api.w.org\/{rel}","templated":true}]}}