{"id":5243,"date":"2025-07-29T16:59:08","date_gmt":"2025-07-29T15:59:08","guid":{"rendered":"https:\/\/nntt.auria.org\/index.php\/producte\/aguanta-pgines\/"},"modified":"2025-09-05T12:10:20","modified_gmt":"2025-09-05T11:10:20","slug":"aguanta-pagines","status":"publish","type":"product","link":"https:\/\/nntt2.auria.org\/index.php\/producte\/aguanta-pagines\/","title":{"rendered":"Aguanta-p\u00e0gines"},"content":{"rendered":"<p>Suport per poder aguantar les p\u00e0gines obertes mentre llegeixes amb una sola m\u00e0.<\/p>\n<p>Creat per l&#8217;usuari de Thingiverse Itorres26<\/p>\n","protected":false},"excerpt":{"rendered":"<p>Suport per poder aguantar les p\u00e0gines obertes mentre llegeixes amb una sola m\u00e0. Creat per l&#8217;usuari de Thingiverse Itorres26<\/p>\n","protected":false},"featured_media":5345,"template":"","meta":[],"product_brand":[],"product_cat":[403],"product_tag":[],"class_list":{"0":"post-5243","1":"product","2":"type-product","3":"status-publish","4":"has-post-thumbnail","6":"product_cat-vida-diria","8":"first","9":"instock","10":"sold-individually","11":"shipping-taxable","12":"purchasable","13":"product-type-simple"},"_links":{"self":[{"href":"https:\/\/nntt2.auria.org\/index.php\/wp-json\/wp\/v2\/product\/5243","targetHints":{"allow":["GET"]}}],"collection":[{"href":"https:\/\/nntt2.auria.org\/index.php\/wp-json\/wp\/v2\/product"}],"about":[{"href":"https:\/\/nntt2.auria.org\/index.php\/wp-json\/wp\/v2\/types\/product"}],"wp:featuredmedia":[{"embeddable":true,"href":"https:\/\/nntt2.auria.org\/index.php\/wp-json\/wp\/v2\/media\/5345"}],"wp:attachment":[{"href":"https:\/\/nntt2.auria.org\/index.php\/wp-json\/wp\/v2\/media?parent=5243"}],"wp:term":[{"taxonomy":"product_brand","embeddable":true,"href":"https:\/\/nntt2.auria.org\/index.php\/wp-json\/wp\/v2\/product_brand?post=5243"},{"taxonomy":"product_cat","embeddable":true,"href":"https:\/\/nntt2.auria.org\/index.php\/wp-json\/wp\/v2\/product_cat?post=5243"},{"taxonomy":"product_tag","embeddable":true,"href":"https:\/\/nntt2.auria.org\/index.php\/wp-json\/wp\/v2\/product_tag?post=5243"}],"curies":[{"name":"wp","href":"https:\/\/api.w.org\/{rel}","templated":true}]}}