{"id":5212,"date":"2025-07-29T16:58:01","date_gmt":"2025-07-29T15:58:01","guid":{"rendered":"https:\/\/nntt.auria.org\/index.php\/producte\/subjecta-cartes-de-ma-i-sobretaula\/"},"modified":"2025-09-05T13:18:29","modified_gmt":"2025-09-05T12:18:29","slug":"subjecta-cartes-de-ma-i-sobretaula","status":"publish","type":"product","link":"https:\/\/nntt2.auria.org\/index.php\/producte\/subjecta-cartes-de-ma-i-sobretaula\/","title":{"rendered":"Subjecta cartes de m\u00e0 i sobretaula"},"content":{"rendered":"<p>Amb aquest estri el jugador podr\u00e0 mantenir, f\u00e0cilment, subjectades, les seves cartes, tant a la m\u00e0 com sobre la taula.<\/p>\n<p>Creat per l&#8217;usuari de Thingiverse kwalus<\/p>\n","protected":false},"excerpt":{"rendered":"<p>Amb aquest estri el jugador podr\u00e0 mantenir, f\u00e0cilment, subjectades, les seves cartes, tant a la m\u00e0 com sobre la taula. Creat per l&#8217;usuari de Thingiverse kwalus<\/p>\n","protected":false},"featured_media":5379,"template":"","meta":[],"product_brand":[],"product_cat":[402],"product_tag":[],"class_list":{"0":"post-5212","1":"product","2":"type-product","3":"status-publish","4":"has-post-thumbnail","6":"product_cat-productes-educatius","8":"first","9":"instock","10":"sold-individually","11":"shipping-taxable","12":"purchasable","13":"product-type-simple"},"_links":{"self":[{"href":"https:\/\/nntt2.auria.org\/index.php\/wp-json\/wp\/v2\/product\/5212","targetHints":{"allow":["GET"]}}],"collection":[{"href":"https:\/\/nntt2.auria.org\/index.php\/wp-json\/wp\/v2\/product"}],"about":[{"href":"https:\/\/nntt2.auria.org\/index.php\/wp-json\/wp\/v2\/types\/product"}],"wp:featuredmedia":[{"embeddable":true,"href":"https:\/\/nntt2.auria.org\/index.php\/wp-json\/wp\/v2\/media\/5379"}],"wp:attachment":[{"href":"https:\/\/nntt2.auria.org\/index.php\/wp-json\/wp\/v2\/media?parent=5212"}],"wp:term":[{"taxonomy":"product_brand","embeddable":true,"href":"https:\/\/nntt2.auria.org\/index.php\/wp-json\/wp\/v2\/product_brand?post=5212"},{"taxonomy":"product_cat","embeddable":true,"href":"https:\/\/nntt2.auria.org\/index.php\/wp-json\/wp\/v2\/product_cat?post=5212"},{"taxonomy":"product_tag","embeddable":true,"href":"https:\/\/nntt2.auria.org\/index.php\/wp-json\/wp\/v2\/product_tag?post=5212"}],"curies":[{"name":"wp","href":"https:\/\/api.w.org\/{rel}","templated":true}]}}