{"id":5203,"date":"2025-07-29T16:56:02","date_gmt":"2025-07-29T15:56:02","guid":{"rendered":"https:\/\/nntt.auria.org\/index.php\/producte\/nana-per-llaunes\/"},"modified":"2025-09-05T13:30:20","modified_gmt":"2025-09-05T12:30:20","slug":"nansa-per-llaunes","status":"publish","type":"product","link":"https:\/\/nntt2.auria.org\/index.php\/producte\/nansa-per-llaunes\/","title":{"rendered":"Nansa per llaunes"},"content":{"rendered":"<p>Nansa de treure i posar per a llaunes de format est\u00e0ndard.<\/p>\n<p>Creat per \u00c0uria Fundaci\u00f3 adaptant mides d&#8217;un objecte original de l&#8217;usuari Eckerput de Thingiverse.<\/p>\n","protected":false},"excerpt":{"rendered":"<p>Nansa de treure i posar per a llaunes de format est\u00e0ndard. Creat per \u00c0uria Fundaci\u00f3 adaptant mides d&#8217;un objecte original de l&#8217;usuari Eckerput de Thingiverse.<\/p>\n","protected":false},"featured_media":5388,"template":"","meta":[],"product_brand":[],"product_cat":[400],"product_tag":[],"class_list":{"0":"post-5203","1":"product","2":"type-product","3":"status-publish","4":"has-post-thumbnail","6":"product_cat-alimentacio","8":"first","9":"instock","10":"sold-individually","11":"shipping-taxable","12":"purchasable","13":"product-type-simple"},"_links":{"self":[{"href":"https:\/\/nntt2.auria.org\/index.php\/wp-json\/wp\/v2\/product\/5203","targetHints":{"allow":["GET"]}}],"collection":[{"href":"https:\/\/nntt2.auria.org\/index.php\/wp-json\/wp\/v2\/product"}],"about":[{"href":"https:\/\/nntt2.auria.org\/index.php\/wp-json\/wp\/v2\/types\/product"}],"wp:featuredmedia":[{"embeddable":true,"href":"https:\/\/nntt2.auria.org\/index.php\/wp-json\/wp\/v2\/media\/5388"}],"wp:attachment":[{"href":"https:\/\/nntt2.auria.org\/index.php\/wp-json\/wp\/v2\/media?parent=5203"}],"wp:term":[{"taxonomy":"product_brand","embeddable":true,"href":"https:\/\/nntt2.auria.org\/index.php\/wp-json\/wp\/v2\/product_brand?post=5203"},{"taxonomy":"product_cat","embeddable":true,"href":"https:\/\/nntt2.auria.org\/index.php\/wp-json\/wp\/v2\/product_cat?post=5203"},{"taxonomy":"product_tag","embeddable":true,"href":"https:\/\/nntt2.auria.org\/index.php\/wp-json\/wp\/v2\/product_tag?post=5203"}],"curies":[{"name":"wp","href":"https:\/\/api.w.org\/{rel}","templated":true}]}}