{"id":890,"date":"2020-10-01T14:37:31","date_gmt":"2020-10-01T14:37:31","guid":{"rendered":"https:\/\/nntt.auria.org\/?page_id=890"},"modified":"2020-10-16T15:33:12","modified_gmt":"2020-10-16T15:33:12","slug":"descarregues","status":"publish","type":"page","link":"https:\/\/nntt2.auria.org\/index.php\/recursos\/descarregues\/","title":{"rendered":"Desc\u00e0rregues"},"content":{"rendered":"\n<div class=\"wp-block-image\"><figure class=\"aligncenter size-large is-resized\"><img loading=\"lazy\" decoding=\"async\" src=\"https:\/\/nntt2.auria.org\/wp-content\/uploads\/2020\/10\/IconaDescarrega.png\" alt=\"\" class=\"wp-image-940\" width=\"357\" height=\"358\" srcset=\"https:\/\/nntt2.auria.org\/wp-content\/uploads\/2020\/10\/IconaDescarrega.png 734w, https:\/\/nntt2.auria.org\/wp-content\/uploads\/2020\/10\/IconaDescarrega-300x300.png 300w, https:\/\/nntt2.auria.org\/wp-content\/uploads\/2020\/10\/IconaDescarrega-100x100.png 100w, https:\/\/nntt2.auria.org\/wp-content\/uploads\/2020\/10\/IconaDescarrega-600x600.png 600w, https:\/\/nntt2.auria.org\/wp-content\/uploads\/2020\/10\/IconaDescarrega-150x150.png 150w\" sizes=\"auto, (max-width: 357px) 100vw, 357px\" \/><\/figure><\/div>\n\n\n\n<p>En aquest apartat anirem\u00a0recopilant\u00a0els enlla\u00e7os de desc\u00e0rrega de tots els programes d&#8217;ordinador i aplicacions per a m\u00f2bils i tauletes\u00a0Android\u00a0(gratu\u00efts) que anem fent servir i que considerem que valen la pena i que us poden ser d&#8217;utilitat.<\/p>\n\n\n\n<div class=\"wp-block-columns is-layout-flex wp-container-core-columns-is-layout-9d6595d7 wp-block-columns-is-layout-flex\">\n<div class=\"wp-block-column is-layout-flow wp-block-column-is-layout-flow\">\n<div class=\"wp-block-image\"><figure class=\"aligncenter size-large is-resized\"><a href=\"https:\/\/nntt2.auria.org\/index.php\/recursos\/descarregues\/per-android\/\"><img loading=\"lazy\" decoding=\"async\" src=\"https:\/\/nntt2.auria.org\/wp-content\/uploads\/2020\/10\/IconaAndroid-1.png\" alt=\"\" class=\"wp-image-942\" width=\"200\" height=\"200\" srcset=\"https:\/\/nntt2.auria.org\/wp-content\/uploads\/2020\/10\/IconaAndroid-1.png 734w, https:\/\/nntt2.auria.org\/wp-content\/uploads\/2020\/10\/IconaAndroid-1-300x300.png 300w, https:\/\/nntt2.auria.org\/wp-content\/uploads\/2020\/10\/IconaAndroid-1-100x100.png 100w, https:\/\/nntt2.auria.org\/wp-content\/uploads\/2020\/10\/IconaAndroid-1-600x600.png 600w, https:\/\/nntt2.auria.org\/wp-content\/uploads\/2020\/10\/IconaAndroid-1-150x150.png 150w\" sizes=\"auto, (max-width: 200px) 100vw, 200px\" \/><\/a><figcaption>Desc\u00e0rregues per Android<\/figcaption><\/figure><\/div>\n<\/div>\n\n\n\n<div class=\"wp-block-column is-layout-flow wp-block-column-is-layout-flow\">\n<div class=\"wp-block-image\"><figure class=\"aligncenter size-large is-resized\"><a href=\"https:\/\/nntt2.auria.org\/index.php\/recursos\/descarregues\/per-ordinador\/\"><img loading=\"lazy\" decoding=\"async\" src=\"https:\/\/nntt2.auria.org\/wp-content\/uploads\/2020\/10\/IconaPC-1.png\" alt=\"\" class=\"wp-image-944\" width=\"200\" height=\"200\" srcset=\"https:\/\/nntt2.auria.org\/wp-content\/uploads\/2020\/10\/IconaPC-1.png 734w, https:\/\/nntt2.auria.org\/wp-content\/uploads\/2020\/10\/IconaPC-1-300x300.png 300w, https:\/\/nntt2.auria.org\/wp-content\/uploads\/2020\/10\/IconaPC-1-100x100.png 100w, https:\/\/nntt2.auria.org\/wp-content\/uploads\/2020\/10\/IconaPC-1-600x600.png 600w, https:\/\/nntt2.auria.org\/wp-content\/uploads\/2020\/10\/IconaPC-1-150x150.png 150w\" sizes=\"auto, (max-width: 200px) 100vw, 200px\" \/><\/a><figcaption>Desc\u00e0rregues per ordinador.<\/figcaption><\/figure><\/div>\n<\/div>\n<\/div>\n\n\n\n<p><\/p>\n","protected":false},"excerpt":{"rendered":"<p>En aquest apartat anirem\u00a0recopilant\u00a0els enlla\u00e7os de desc\u00e0rrega de tots els programes d&#8217;ordinador i aplicacions per a m\u00f2bils i tauletes\u00a0Android\u00a0(gratu\u00efts) que anem fent servir i que considerem que valen la pena i que<a class=\"moretag\" href=\"https:\/\/nntt2.auria.org\/index.php\/recursos\/descarregues\/\">Read More&#8230;<\/a><\/p>\n","protected":false},"author":1,"featured_media":0,"parent":884,"menu_order":0,"comment_status":"closed","ping_status":"closed","template":"","meta":{"footnotes":""},"class_list":["post-890","page","type-page","status-publish","hentry"],"_links":{"self":[{"href":"https:\/\/nntt2.auria.org\/index.php\/wp-json\/wp\/v2\/pages\/890","targetHints":{"allow":["GET"]}}],"collection":[{"href":"https:\/\/nntt2.auria.org\/index.php\/wp-json\/wp\/v2\/pages"}],"about":[{"href":"https:\/\/nntt2.auria.org\/index.php\/wp-json\/wp\/v2\/types\/page"}],"author":[{"embeddable":true,"href":"https:\/\/nntt2.auria.org\/index.php\/wp-json\/wp\/v2\/users\/1"}],"replies":[{"embeddable":true,"href":"https:\/\/nntt2.auria.org\/index.php\/wp-json\/wp\/v2\/comments?post=890"}],"version-history":[{"count":9,"href":"https:\/\/nntt2.auria.org\/index.php\/wp-json\/wp\/v2\/pages\/890\/revisions"}],"predecessor-version":[{"id":1382,"href":"https:\/\/nntt2.auria.org\/index.php\/wp-json\/wp\/v2\/pages\/890\/revisions\/1382"}],"up":[{"embeddable":true,"href":"https:\/\/nntt2.auria.org\/index.php\/wp-json\/wp\/v2\/pages\/884"}],"wp:attachment":[{"href":"https:\/\/nntt2.auria.org\/index.php\/wp-json\/wp\/v2\/media?parent=890"}],"curies":[{"name":"wp","href":"https:\/\/api.w.org\/{rel}","templated":true}]}}