{"id":802,"date":"2020-09-22T17:20:30","date_gmt":"2020-09-22T17:20:30","guid":{"rendered":"https:\/\/nntt.auria.org\/?page_id=802"},"modified":"2020-09-23T16:39:05","modified_gmt":"2020-09-23T16:39:05","slug":"desert-dive","status":"publish","type":"page","link":"https:\/\/nntt2.auria.org\/index.php\/recursos\/jocs\/desert-dive\/","title":{"rendered":"Desert Dive"},"content":{"rendered":"\n<div class=\"wp-block-media-text alignwide is-stacked-on-mobile is-vertically-aligned-top\" style=\"grid-template-columns:33% auto\"><figure class=\"wp-block-media-text__media\"><a href=\"https:\/\/www.funbrain.com\/games\/desert-dive\"><img loading=\"lazy\" decoding=\"async\" width=\"649\" height=\"433\" src=\"https:\/\/nntt2.auria.org\/wp-content\/uploads\/2020\/09\/desert_dive.png\" alt=\"\" class=\"wp-image-803\" srcset=\"https:\/\/nntt2.auria.org\/wp-content\/uploads\/2020\/09\/desert_dive.png 649w, https:\/\/nntt2.auria.org\/wp-content\/uploads\/2020\/09\/desert_dive-600x400.png 600w, https:\/\/nntt2.auria.org\/wp-content\/uploads\/2020\/09\/desert_dive-300x200.png 300w\" sizes=\"auto, (max-width: 649px) 100vw, 649px\" \/><\/a><\/figure><div class=\"wp-block-media-text__content\">\n<p>El joc conseisteix en que el personatge de color blau es deixi caure sobre el balanci per tal d&#8217;impulsar el personatge de color vermell i es capbusi a la piscina\/palangana d&#8217;aigua.<\/p>\n\n\n\n<p>Per tal de moure el personatge blau farem servir la t\u00e8cnica de clicar i arrossegar (Click&amp;Drag), recordem que&nbsp;aquesta t\u00e8cnica pot donar alguns problemes a l\u2019hora de mantenir el clic en alguns usuaris, de forma vertical. Arrossegarem el personatge blau cap a la part superior del joc tot calculant la for\u00e7a necessaria per fer arribar el vermell a la palangana.<\/p>\n\n\n\n<p>Un cop s&#8217;hagui aconbseguit fer capbussar el personatge vermell un total de cinc vegades, el joc s&#8217;haur\u00e0 acabat.<\/p>\n\n\n\n<p>Nom\u00e9s \u00e9s necessari utilitzar el ratol\u00ed per tal de jugar-hi. Una altre alternativa \u00e9s utilitzar un dispositiu t\u00e0ctil i interaccionar amb els dits.<\/p>\n\n\n\n<div class=\"wp-block-columns is-layout-flex wp-container-core-columns-is-layout-9d6595d7 wp-block-columns-is-layout-flex\">\n<div class=\"wp-block-column is-layout-flow wp-block-column-is-layout-flow\">\n<div class=\"wp-block-image\"><figure class=\"aligncenter size-large is-resized\"><img loading=\"lazy\" decoding=\"async\" src=\"https:\/\/nntt2.auria.org\/wp-content\/uploads\/2020\/06\/mouse-1024x704.jpg\" alt=\"\" class=\"wp-image-395\" width=\"256\" height=\"176\" srcset=\"https:\/\/nntt2.auria.org\/wp-content\/uploads\/2020\/06\/mouse-1024x704.jpg 1024w, https:\/\/nntt2.auria.org\/wp-content\/uploads\/2020\/06\/mouse-600x413.jpg 600w, https:\/\/nntt2.auria.org\/wp-content\/uploads\/2020\/06\/mouse-300x206.jpg 300w, https:\/\/nntt2.auria.org\/wp-content\/uploads\/2020\/06\/mouse-768x528.jpg 768w, https:\/\/nntt2.auria.org\/wp-content\/uploads\/2020\/06\/mouse.jpg 1291w\" sizes=\"auto, (max-width: 256px) 100vw, 256px\" \/><\/figure><\/div>\n<\/div>\n\n\n\n<div class=\"wp-block-column is-layout-flow wp-block-column-is-layout-flow\">\n<div class=\"wp-block-image\"><figure class=\"aligncenter size-large is-resized\"><img loading=\"lazy\" decoding=\"async\" src=\"https:\/\/nntt2.auria.org\/wp-content\/uploads\/2020\/09\/tactil.png\" alt=\"\" class=\"wp-image-836\" width=\"275\" height=\"210\" srcset=\"https:\/\/nntt2.auria.org\/wp-content\/uploads\/2020\/09\/tactil.png 550w, https:\/\/nntt2.auria.org\/wp-content\/uploads\/2020\/09\/tactil-300x229.png 300w\" sizes=\"auto, (max-width: 275px) 100vw, 275px\" \/><\/figure><\/div>\n<\/div>\n<\/div>\n<\/div><\/div>\n","protected":false},"excerpt":{"rendered":"","protected":false},"author":1,"featured_media":0,"parent":15,"menu_order":0,"comment_status":"closed","ping_status":"closed","template":"","meta":{"footnotes":""},"class_list":["post-802","page","type-page","status-publish","hentry"],"_links":{"self":[{"href":"https:\/\/nntt2.auria.org\/index.php\/wp-json\/wp\/v2\/pages\/802","targetHints":{"allow":["GET"]}}],"collection":[{"href":"https:\/\/nntt2.auria.org\/index.php\/wp-json\/wp\/v2\/pages"}],"about":[{"href":"https:\/\/nntt2.auria.org\/index.php\/wp-json\/wp\/v2\/types\/page"}],"author":[{"embeddable":true,"href":"https:\/\/nntt2.auria.org\/index.php\/wp-json\/wp\/v2\/users\/1"}],"replies":[{"embeddable":true,"href":"https:\/\/nntt2.auria.org\/index.php\/wp-json\/wp\/v2\/comments?post=802"}],"version-history":[{"count":2,"href":"https:\/\/nntt2.auria.org\/index.php\/wp-json\/wp\/v2\/pages\/802\/revisions"}],"predecessor-version":[{"id":850,"href":"https:\/\/nntt2.auria.org\/index.php\/wp-json\/wp\/v2\/pages\/802\/revisions\/850"}],"up":[{"embeddable":true,"href":"https:\/\/nntt2.auria.org\/index.php\/wp-json\/wp\/v2\/pages\/15"}],"wp:attachment":[{"href":"https:\/\/nntt2.auria.org\/index.php\/wp-json\/wp\/v2\/media?parent=802"}],"curies":[{"name":"wp","href":"https:\/\/api.w.org\/{rel}","templated":true}]}}