{"id":759,"date":"2020-09-18T17:06:10","date_gmt":"2020-09-18T17:06:10","guid":{"rendered":"https:\/\/nntt.auria.org\/?page_id=759"},"modified":"2020-10-16T18:04:57","modified_gmt":"2020-10-16T18:04:57","slug":"pickle-pop","status":"publish","type":"page","link":"https:\/\/nntt2.auria.org\/index.php\/recursos\/jocs\/pickle-pop\/","title":{"rendered":"Pickle Pop"},"content":{"rendered":"\n<div class=\"wp-block-media-text alignwide is-stacked-on-mobile is-vertically-aligned-top\" style=\"grid-template-columns:38% auto\"><figure class=\"wp-block-media-text__media\"><a href=\"https:\/\/www.funbrain.com\/games\/pickle-pop\"><img loading=\"lazy\" decoding=\"async\" width=\"653\" height=\"433\" src=\"https:\/\/nntt2.auria.org\/wp-content\/uploads\/2020\/09\/pickle_pop.png\" alt=\"\" class=\"wp-image-760\" srcset=\"https:\/\/nntt2.auria.org\/wp-content\/uploads\/2020\/09\/pickle_pop.png 653w, https:\/\/nntt2.auria.org\/wp-content\/uploads\/2020\/09\/pickle_pop-600x398.png 600w, https:\/\/nntt2.auria.org\/wp-content\/uploads\/2020\/09\/pickle_pop-300x199.png 300w\" sizes=\"auto, (max-width: 653px) 100vw, 653px\" \/><\/a><\/figure><div class=\"wp-block-media-text__content\">\n<p>El joc consisteix&nbsp;a fer que&nbsp;el&nbsp;Pickle&nbsp;petit (cogombre) faci esclatar totes les bombolles de sab\u00f3 que li fa el pare.<\/p>\n\n\n\n<p>Per fer-ho el jugador ha de moure el&nbsp;Pickle&nbsp;de forma horitzontal i amb el dit anar&nbsp;punxant&nbsp;les bombolles. La direcci\u00f3 del&nbsp;Pickle&nbsp;la marca el ratol\u00ed de la mateixa manera que el dit.<\/p>\n\n\n\n<p>El joc acaba en el moment&nbsp;en qu\u00e8&nbsp;s&#8217;aconsegueixen fer esclatar cinc rondes de bombolles creades pel pare.<\/p>\n\n\n\n<p>Nom\u00e9s \u00e9s necessari utilitzar el ratol\u00ed&nbsp;per a jugar-hi. Una&nbsp;altra alternativa&nbsp;\u00e9s utilitzar un dispositiu t\u00e0ctil i interaccionar amb els dits.<\/p>\n\n\n\n<div class=\"wp-block-columns is-layout-flex wp-container-core-columns-is-layout-9d6595d7 wp-block-columns-is-layout-flex\">\n<div class=\"wp-block-column is-layout-flow wp-block-column-is-layout-flow\">\n<div class=\"wp-block-image\"><figure class=\"aligncenter size-large is-resized\"><img loading=\"lazy\" decoding=\"async\" src=\"https:\/\/nntt2.auria.org\/wp-content\/uploads\/2020\/06\/mouse-1024x704.jpg\" alt=\"\" class=\"wp-image-395\" width=\"256\" height=\"176\" srcset=\"https:\/\/nntt2.auria.org\/wp-content\/uploads\/2020\/06\/mouse-1024x704.jpg 1024w, https:\/\/nntt2.auria.org\/wp-content\/uploads\/2020\/06\/mouse-600x413.jpg 600w, https:\/\/nntt2.auria.org\/wp-content\/uploads\/2020\/06\/mouse-300x206.jpg 300w, https:\/\/nntt2.auria.org\/wp-content\/uploads\/2020\/06\/mouse-768x528.jpg 768w, https:\/\/nntt2.auria.org\/wp-content\/uploads\/2020\/06\/mouse.jpg 1291w\" sizes=\"auto, (max-width: 256px) 100vw, 256px\" \/><\/figure><\/div>\n<\/div>\n\n\n\n<div class=\"wp-block-column is-layout-flow wp-block-column-is-layout-flow\">\n<div class=\"wp-block-image\"><figure class=\"aligncenter size-large is-resized\"><img loading=\"lazy\" decoding=\"async\" src=\"https:\/\/nntt2.auria.org\/wp-content\/uploads\/2020\/09\/tactil.png\" alt=\"\" class=\"wp-image-836\" width=\"275\" height=\"210\" srcset=\"https:\/\/nntt2.auria.org\/wp-content\/uploads\/2020\/09\/tactil.png 550w, https:\/\/nntt2.auria.org\/wp-content\/uploads\/2020\/09\/tactil-300x229.png 300w\" sizes=\"auto, (max-width: 275px) 100vw, 275px\" \/><\/figure><\/div>\n<\/div>\n<\/div>\n<\/div><\/div>\n","protected":false},"excerpt":{"rendered":"","protected":false},"author":1,"featured_media":0,"parent":15,"menu_order":0,"comment_status":"closed","ping_status":"closed","template":"","meta":{"footnotes":""},"class_list":["post-759","page","type-page","status-publish","hentry"],"_links":{"self":[{"href":"https:\/\/nntt2.auria.org\/index.php\/wp-json\/wp\/v2\/pages\/759","targetHints":{"allow":["GET"]}}],"collection":[{"href":"https:\/\/nntt2.auria.org\/index.php\/wp-json\/wp\/v2\/pages"}],"about":[{"href":"https:\/\/nntt2.auria.org\/index.php\/wp-json\/wp\/v2\/types\/page"}],"author":[{"embeddable":true,"href":"https:\/\/nntt2.auria.org\/index.php\/wp-json\/wp\/v2\/users\/1"}],"replies":[{"embeddable":true,"href":"https:\/\/nntt2.auria.org\/index.php\/wp-json\/wp\/v2\/comments?post=759"}],"version-history":[{"count":4,"href":"https:\/\/nntt2.auria.org\/index.php\/wp-json\/wp\/v2\/pages\/759\/revisions"}],"predecessor-version":[{"id":1462,"href":"https:\/\/nntt2.auria.org\/index.php\/wp-json\/wp\/v2\/pages\/759\/revisions\/1462"}],"up":[{"embeddable":true,"href":"https:\/\/nntt2.auria.org\/index.php\/wp-json\/wp\/v2\/pages\/15"}],"wp:attachment":[{"href":"https:\/\/nntt2.auria.org\/index.php\/wp-json\/wp\/v2\/media?parent=759"}],"curies":[{"name":"wp","href":"https:\/\/api.w.org\/{rel}","templated":true}]}}