{"id":4589,"date":"2025-02-11T10:17:18","date_gmt":"2025-02-11T09:17:18","guid":{"rendered":"https:\/\/nntt.auria.org\/index.php\/botiga\/"},"modified":"2025-09-05T14:12:09","modified_gmt":"2025-09-05T13:12:09","slug":"botiga","status":"publish","type":"page","link":"https:\/\/nntt2.auria.org\/index.php\/botiga\/","title":{"rendered":"Cat\u00e0leg 3D"},"content":{"rendered":"\n<div class=\"woocommerce columns-4\"><ul class=\"products columns-4\">\n<li class=\"product-category product first\">\n\t<a aria-label=\"Visiteu la categoria de producte Alimentaci\u00f3\" href=\"https:\/\/nntt2.auria.org\/index.php\/categoria-producte\/alimentacio\/\"><img loading=\"lazy\" decoding=\"async\" src=\"https:\/\/nntt2.auria.org\/wp-content\/uploads\/2025\/07\/Alimentacio-300x300.png\" alt=\"Alimentaci\u00f3\" width=\"300\" height=\"300\" srcset=\"https:\/\/nntt2.auria.org\/wp-content\/uploads\/2025\/07\/Alimentacio-300x300.png 300w, https:\/\/nntt2.auria.org\/wp-content\/uploads\/2025\/07\/Alimentacio-150x150.png 150w, https:\/\/nntt2.auria.org\/wp-content\/uploads\/2025\/07\/Alimentacio-100x100.png 100w\" sizes=\"auto, (max-width: 300px) 100vw, 300px\" \/>\t\t<h2 class=\"woocommerce-loop-category__title\">\n\t\t\tAlimentaci\u00f3 <mark class=\"count\">(12)<\/mark>\t\t<\/h2>\n\t\t<\/a><\/li>\n<li class=\"product-category product\">\n\t<a aria-label=\"Visiteu la categoria de producte Higiene\" href=\"https:\/\/nntt2.auria.org\/index.php\/categoria-producte\/higiene\/\"><img loading=\"lazy\" decoding=\"async\" src=\"https:\/\/nntt2.auria.org\/wp-content\/uploads\/2025\/07\/Higiene-300x300.png\" alt=\"Higiene\" width=\"300\" height=\"300\" srcset=\"https:\/\/nntt2.auria.org\/wp-content\/uploads\/2025\/07\/Higiene-300x300.png 300w, https:\/\/nntt2.auria.org\/wp-content\/uploads\/2025\/07\/Higiene-150x150.png 150w, https:\/\/nntt2.auria.org\/wp-content\/uploads\/2025\/07\/Higiene-100x100.png 100w\" sizes=\"auto, (max-width: 300px) 100vw, 300px\" \/>\t\t<h2 class=\"woocommerce-loop-category__title\">\n\t\t\tHigiene <mark class=\"count\">(7)<\/mark>\t\t<\/h2>\n\t\t<\/a><\/li>\n<li class=\"product-category product\">\n\t<a aria-label=\"Visiteu la categoria de producte Productes educatius\" href=\"https:\/\/nntt2.auria.org\/index.php\/categoria-producte\/productes-educatius\/\"><img loading=\"lazy\" decoding=\"async\" src=\"https:\/\/nntt2.auria.org\/wp-content\/uploads\/2025\/07\/JocsEducatius-1-300x300.png\" alt=\"Productes educatius\" width=\"300\" height=\"300\" srcset=\"https:\/\/nntt2.auria.org\/wp-content\/uploads\/2025\/07\/JocsEducatius-1-300x300.png 300w, https:\/\/nntt2.auria.org\/wp-content\/uploads\/2025\/07\/JocsEducatius-1-150x150.png 150w, https:\/\/nntt2.auria.org\/wp-content\/uploads\/2025\/07\/JocsEducatius-1-100x100.png 100w\" sizes=\"auto, (max-width: 300px) 100vw, 300px\" \/>\t\t<h2 class=\"woocommerce-loop-category__title\">\n\t\t\tProductes educatius <mark class=\"count\">(32)<\/mark>\t\t<\/h2>\n\t\t<\/a><\/li>\n<li class=\"product-category product last\">\n\t<a aria-label=\"Visiteu la categoria de producte Vida di\u00e0ria\" href=\"https:\/\/nntt2.auria.org\/index.php\/categoria-producte\/vida-diria\/\"><img loading=\"lazy\" decoding=\"async\" src=\"https:\/\/nntt2.auria.org\/wp-content\/uploads\/2025\/07\/VidaDiaria-1-300x300.png\" alt=\"Vida di\u00e0ria\" width=\"300\" height=\"300\" srcset=\"https:\/\/nntt2.auria.org\/wp-content\/uploads\/2025\/07\/VidaDiaria-1-300x300.png 300w, https:\/\/nntt2.auria.org\/wp-content\/uploads\/2025\/07\/VidaDiaria-1-150x150.png 150w, https:\/\/nntt2.auria.org\/wp-content\/uploads\/2025\/07\/VidaDiaria-1-100x100.png 100w\" sizes=\"auto, (max-width: 300px) 100vw, 300px\" \/>\t\t<h2 class=\"woocommerce-loop-category__title\">\n\t\t\tVida di\u00e0ria <mark class=\"count\">(16)<\/mark>\t\t<\/h2>\n\t\t<\/a><\/li>\n<\/ul>\n<\/div>\n\n\n\n<h3 class=\"wp-block-heading has-large-font-size\"><strong>Servei de pr\u00e9stec de productes de suport impresos en 3D<\/strong><\/h3>\n\n\n\n<p class=\"has-medium-font-size\"><strong>Projecte: \u201cInnovaci\u00f3 inclusiva 3D: transformant vides per millorar l\u2019autonomia. Promovent l\u2019accessibilitat\u201d<\/strong><\/p>\n\n\n\n<p class=\"has-medium-font-size\">Gr\u00e0cies al finan\u00e7ament del <strong>Departament de Drets Socials i Inclusi\u00f3 de la Generalitat de Catalunya<\/strong>, la <strong>Fundaci\u00f3 Privada \u00c0uria<\/strong> impulsa aquest projecte amb una durada de dos anys (2025\u20132026) que vol apropar la innovaci\u00f3 tecnol\u00f2gica a les necessitats del dia a dia de les persones.<\/p>\n\n\n\n<p class=\"has-medium-font-size\">L\u2019objectiu principal \u00e9s <strong>millorar l\u2019autonomia personal i la qualitat de vida<\/strong> de les persones mitjan\u00e7ant l\u2019acc\u00e9s gratu\u00eft a productes de suport impresos en 3D. Aquests productes, de fabricaci\u00f3 pr\u00f2pia, s\u00f3n eines senzilles per\u00f2 \u00fatils per <strong>facilitar activitats quotidianes<\/strong>, com ara menjar, cuidar la higiene personal o participar en activitats educatives i l\u00fadiques.<\/p>\n\n\n\n<h3 class=\"wp-block-heading has-large-font-size\">A qui s\u2019adre\u00e7a?<\/h3>\n\n\n\n<p class=\"has-medium-font-size\">Aquest servei \u00e9s <strong>obert a tota la poblaci\u00f3<\/strong>: infants, adults, gent gran, fam\u00edlies, escoles, resid\u00e8ncies, entitats socials o qualsevol persona o col\u00b7lectiu que pugui necessitar algun producte de suport per a facilitar la seva vida di\u00e0ria o fomentar la participaci\u00f3 activa.<\/p>\n\n\n\n<h3 class=\"wp-block-heading has-large-font-size\">Qu\u00e8 oferim?<\/h3>\n\n\n\n<p class=\"has-medium-font-size\">Una <strong>selecci\u00f3 de productes de suport<\/strong> impresos en 3D, classificats en quatre grans categories:<\/p>\n\n\n\n<ul class=\"wp-block-list\">\n<li class=\"has-medium-font-size\"><strong>Alimentaci\u00f3<\/strong><\/li>\n\n\n\n<li class=\"has-medium-font-size\"><strong>Higiene personal<\/strong><\/li>\n\n\n\n<li class=\"has-medium-font-size\"><strong>Productes educatius i de joc<\/strong><\/li>\n\n\n\n<li class=\"has-medium-font-size\"><strong>Vida di\u00e0ria<\/strong><\/li>\n<\/ul>\n\n\n\n<p class=\"has-medium-font-size\">Tots els productes es lliuren amb una mini guia explicativa que n\u2019indica l\u2019\u00fas correcte i una adre\u00e7a electr\u00f2nica de contacte per resoldre dubtes o fer-nos arribar comentaris.<\/p>\n\n\n\n<p class=\"has-medium-font-size\">La impressi\u00f3 dels productes es far\u00e0 amb colors aleatoris segons estoc. No ha de per que correspondre amb les imatges del cat\u00e0leg web.<\/p>\n\n\n\n<h3 class=\"wp-block-heading has-large-font-size\">Condicions del servei<\/h3>\n\n\n\n<ul class=\"wp-block-list\">\n<li class=\"has-medium-font-size\"><strong>Servei totalment gratu\u00eft<\/strong>.<\/li>\n\n\n\n<li class=\"has-medium-font-size\"><strong>Fins a 7 productes per comanda<\/strong>, sense repetir cap model.<\/li>\n\n\n\n<li class=\"has-medium-font-size\"><strong><strong>Nom\u00e9s es permet una comanda per persona<\/strong>.<br>\u26a0\ufe0f <\/strong><em>Les entitats poden fer m\u00faltiples comandes si s\u00f3n per a diferents persones usu\u00e0ries.<\/em><\/li>\n\n\n\n<li class=\"has-medium-font-size\">La <strong>recollida \u00e9s presencial<\/strong> a la seu de la Fundaci\u00f3:<br><em>Av. Andorra, 28, 08700 Igualada (Barcelona)<\/em><\/li>\n<\/ul>\n\n\n\n<h3 class=\"wp-block-heading has-large-font-size\">Com fer una comanda?<\/h3>\n\n\n\n<ol class=\"wp-block-list\">\n<li class=\"has-medium-font-size\">Accediu a la categoria desitjada.<\/li>\n\n\n\n<li class=\"has-medium-font-size\">Feu clic al bot\u00f3 vermell <em>\u201cAfegeix a la cistella\u201d<\/em>.<\/li>\n\n\n\n<li class=\"has-medium-font-size\">Continueu afegint productes fins a un m\u00e0xim de 7.<\/li>\n\n\n\n<li class=\"has-medium-font-size\">Per finalitzar, aneu a la icona de la cistella o feu clic a <em>\u201cVisualitza la cistella\u201d<\/em>.<\/li>\n\n\n\n<li class=\"has-medium-font-size\">Cliqueu <em>\u201cV\u00e9s a la caixa\u201d<\/em> (el cost ser\u00e0 de 0 \u20ac).<\/li>\n\n\n\n<li class=\"has-medium-font-size\">Empleneu les dades personals: <strong>nom, cognoms, DNI i una forma de contacte<\/strong> (adre\u00e7a electr\u00f2nica o tel\u00e8fon).<\/li>\n\n\n\n<li class=\"has-medium-font-size\">Finalitzeu la comanda prement el bot\u00f3 <em>\u201cRealitza la comanda\u201d<\/em>.<\/li>\n<\/ol>\n\n\n\n<p class=\"has-medium-font-size\">Si heu indicat un correu electr\u00f2nic, rebreu un <strong>primer correu de confirmaci\u00f3<\/strong> i, m\u00e9s endavant, un <strong>segon av\u00eds quan els productes estiguin llestos per recollir<\/strong>.<\/p>\n\n\n\n<p><\/p>\n\n\n\n<div style=\"height:57px\" aria-hidden=\"true\" class=\"wp-block-spacer\"><\/div>\n\n\n\n<h3 class=\"wp-block-heading has-large-font-size\"><strong>Us animem a participar-hi<\/strong><\/h3>\n\n\n\n<p class=\"has-medium-font-size\">Aquest servei vol ser una eina \u00fatil, accessible i al servei de les persones. Si creieu que algun dels productes pot facilitar-vos el dia a dia o pot ser d\u2019ajuda per a alg\u00fa del vostre entorn, <strong>us animem a fer una comanda<\/strong> i descobrir com petites solucions poden tenir un gran impacte.<br>Aprofiteu aquesta oportunitat gratu\u00efta i innovadora per <strong>millorar l\u2019autonomia, fomentar la inclusi\u00f3 i transformar realitats<\/strong>.<\/p>\n\n\n\n<div style=\"height:100px\" aria-hidden=\"true\" class=\"wp-block-spacer\"><\/div>\n\n\n\n<figure class=\"wp-block-image size-large is-resized\"><img loading=\"lazy\" decoding=\"async\" width=\"1024\" height=\"331\" src=\"https:\/\/nntt2.auria.org\/wp-content\/uploads\/2025\/07\/logoNouSenseFuturs-1024x331.png\" alt=\"\" class=\"wp-image-5287\" style=\"width:449px;height:auto\" srcset=\"https:\/\/nntt2.auria.org\/wp-content\/uploads\/2025\/07\/logoNouSenseFuturs-1024x331.png 1024w, https:\/\/nntt2.auria.org\/wp-content\/uploads\/2025\/07\/logoNouSenseFuturs-300x97.png 300w, https:\/\/nntt2.auria.org\/wp-content\/uploads\/2025\/07\/logoNouSenseFuturs-768x249.png 768w, https:\/\/nntt2.auria.org\/wp-content\/uploads\/2025\/07\/logoNouSenseFuturs-1536x497.png 1536w, https:\/\/nntt2.auria.org\/wp-content\/uploads\/2025\/07\/logoNouSenseFuturs-2048x663.png 2048w, https:\/\/nntt2.auria.org\/wp-content\/uploads\/2025\/07\/logoNouSenseFuturs-600x194.png 600w\" sizes=\"auto, (max-width: 1024px) 100vw, 1024px\" \/><\/figure>\n\n\n\n<div style=\"height:77px\" aria-hidden=\"true\" class=\"wp-block-spacer\"><\/div>\n\n\n\n<figure class=\"wp-block-image size-full is-style-default\"><img loading=\"lazy\" decoding=\"async\" width=\"575\" height=\"100\" src=\"https:\/\/nntt2.auria.org\/wp-content\/uploads\/2025\/07\/DepDretSocialInculsio_logo.jpg\" alt=\"\" class=\"wp-image-5086\" srcset=\"https:\/\/nntt2.auria.org\/wp-content\/uploads\/2025\/07\/DepDretSocialInculsio_logo.jpg 575w, https:\/\/nntt2.auria.org\/wp-content\/uploads\/2025\/07\/DepDretSocialInculsio_logo-300x52.jpg 300w\" sizes=\"auto, (max-width: 575px) 100vw, 575px\" \/><\/figure>\n\n\n\n<p><\/p>\n","protected":false},"excerpt":{"rendered":"<p>Servei de pr\u00e9stec de productes de suport impresos en 3D Projecte: \u201cInnovaci\u00f3 inclusiva 3D: transformant vides per millorar l\u2019autonomia. Promovent l\u2019accessibilitat\u201d Gr\u00e0cies al finan\u00e7ament del Departament de Drets Socials i Inclusi\u00f3 de<a class=\"moretag\" href=\"https:\/\/nntt2.auria.org\/index.php\/botiga\/\">Read More&#8230;<\/a><\/p>\n","protected":false},"author":1,"featured_media":0,"parent":0,"menu_order":0,"comment_status":"closed","ping_status":"closed","template":"","meta":{"footnotes":""},"class_list":["post-4589","page","type-page","status-publish","hentry"],"_links":{"self":[{"href":"https:\/\/nntt2.auria.org\/index.php\/wp-json\/wp\/v2\/pages\/4589","targetHints":{"allow":["GET"]}}],"collection":[{"href":"https:\/\/nntt2.auria.org\/index.php\/wp-json\/wp\/v2\/pages"}],"about":[{"href":"https:\/\/nntt2.auria.org\/index.php\/wp-json\/wp\/v2\/types\/page"}],"author":[{"embeddable":true,"href":"https:\/\/nntt2.auria.org\/index.php\/wp-json\/wp\/v2\/users\/1"}],"replies":[{"embeddable":true,"href":"https:\/\/nntt2.auria.org\/index.php\/wp-json\/wp\/v2\/comments?post=4589"}],"version-history":[{"count":15,"href":"https:\/\/nntt2.auria.org\/index.php\/wp-json\/wp\/v2\/pages\/4589\/revisions"}],"predecessor-version":[{"id":5403,"href":"https:\/\/nntt2.auria.org\/index.php\/wp-json\/wp\/v2\/pages\/4589\/revisions\/5403"}],"wp:attachment":[{"href":"https:\/\/nntt2.auria.org\/index.php\/wp-json\/wp\/v2\/media?parent=4589"}],"curies":[{"name":"wp","href":"https:\/\/api.w.org\/{rel}","templated":true}]}}