{"id":302,"date":"2020-06-09T08:06:54","date_gmt":"2020-06-09T08:06:54","guid":{"rendered":"https:\/\/nntt.auria.org\/?page_id=302"},"modified":"2020-06-30T16:10:39","modified_gmt":"2020-06-30T16:10:39","slug":"rocknletters","status":"publish","type":"page","link":"https:\/\/nntt2.auria.org\/index.php\/recursos\/jocs\/rocknletters\/","title":{"rendered":"Rock&#8217;n&#8217;Letters"},"content":{"rendered":"\n<div class=\"wp-block-media-text alignwide is-stacked-on-mobile is-vertically-aligned-top\" style=\"grid-template-columns:41% auto\"><figure class=\"wp-block-media-text__media\"><a href=\"https:\/\/scratch.mit.edu\/projects\/310536555\/\"><img loading=\"lazy\" decoding=\"async\" width=\"480\" height=\"360\" src=\"https:\/\/nntt2.auria.org\/wp-content\/uploads\/2020\/06\/rock_letter.png\" alt=\"\" class=\"wp-image-516\" srcset=\"https:\/\/nntt2.auria.org\/wp-content\/uploads\/2020\/06\/rock_letter.png 480w, https:\/\/nntt2.auria.org\/wp-content\/uploads\/2020\/06\/rock_letter-300x225.png 300w\" sizes=\"auto, (max-width: 480px) 100vw, 480px\" \/><\/a><\/figure><div class=\"wp-block-media-text__content\">\n<p class=\"has-normal-font-size\">El joc consisteix polsar la tecla que correspon a la lletra visible en aquell moment.<\/p>\n\n\n\n<p class=\"has-normal-font-size\">No hi ha cap problema si no s\u2019encerta el nombre perqu\u00e8 aquest joc no contempla un sistema de vides.<\/p>\n\n\n\n<p class=\"has-normal-font-size\">Cada vegada que s\u2019encerta una de les lletres aleshores el marcador s\u2019incrementa en un, d\u2019aquesta forma li donem una mica de competitivitat al joc.<\/p>\n<\/div><\/div>\n\n\n\n<div style=\"height:30px\" aria-hidden=\"true\" class=\"wp-block-spacer\"><\/div>\n\n\n\n<p class=\"has-normal-font-size\">La idea principal \u00e9s la de identificar i recon\u00e8ixer les lletres que surten a la pantalla. Per altre banda tamb\u00e9 treballem l\u2019acci\u00f3-reacci\u00f3 mitjan\u00e7ant les noves tecnologies i en aquest cas introdu\u00efm el teclat.<\/p>\n\n\n\n<div class=\"wp-block-image\"><figure class=\"aligncenter\"><img decoding=\"async\" src=\"https:\/\/nntt2.auria.org\/wp-content\/uploads\/2020\/06\/teclat_rock.png\" alt=\"Aquesta imatge t\u00e9 l'atribut alt buit; el seu nom \u00e9s teclat_rock.png\"\/><\/figure><\/div>\n\n\n\n<p class=\"has-normal-font-size\">Recordeu, per comen\u00e7ar a jugar heu\u00a0de fer clic a la bandera verda  ( <img loading=\"lazy\" decoding=\"async\" width=\"17\" height=\"18\" class=\"wp-image-484\" style=\"width: 17px;\" src=\"https:\/\/nntt2.auria.org\/wp-content\/uploads\/2020\/06\/green_flag.png\" alt=\"\">)<\/p>\n\n\n\n<figure><iframe loading=\"lazy\" src=\"https:\/\/jamesbmadden.github.io\/scratch-silicon\/#310536555\" width=\"640px\" height=\"480px\" allowfullscreen=\"\"><\/iframe><\/figure>\n","protected":false},"excerpt":{"rendered":"<p>El joc consisteix polsar la tecla que correspon a la lletra visible en aquell moment. No hi ha cap problema si no s\u2019encerta el nombre perqu\u00e8 aquest joc no contempla un sistema<a class=\"moretag\" href=\"https:\/\/nntt2.auria.org\/index.php\/recursos\/jocs\/rocknletters\/\">Read More&#8230;<\/a><\/p>\n","protected":false},"author":1,"featured_media":0,"parent":15,"menu_order":0,"comment_status":"closed","ping_status":"closed","template":"","meta":{"footnotes":""},"class_list":["post-302","page","type-page","status-publish","hentry"],"_links":{"self":[{"href":"https:\/\/nntt2.auria.org\/index.php\/wp-json\/wp\/v2\/pages\/302","targetHints":{"allow":["GET"]}}],"collection":[{"href":"https:\/\/nntt2.auria.org\/index.php\/wp-json\/wp\/v2\/pages"}],"about":[{"href":"https:\/\/nntt2.auria.org\/index.php\/wp-json\/wp\/v2\/types\/page"}],"author":[{"embeddable":true,"href":"https:\/\/nntt2.auria.org\/index.php\/wp-json\/wp\/v2\/users\/1"}],"replies":[{"embeddable":true,"href":"https:\/\/nntt2.auria.org\/index.php\/wp-json\/wp\/v2\/comments?post=302"}],"version-history":[{"count":4,"href":"https:\/\/nntt2.auria.org\/index.php\/wp-json\/wp\/v2\/pages\/302\/revisions"}],"predecessor-version":[{"id":543,"href":"https:\/\/nntt2.auria.org\/index.php\/wp-json\/wp\/v2\/pages\/302\/revisions\/543"}],"up":[{"embeddable":true,"href":"https:\/\/nntt2.auria.org\/index.php\/wp-json\/wp\/v2\/pages\/15"}],"wp:attachment":[{"href":"https:\/\/nntt2.auria.org\/index.php\/wp-json\/wp\/v2\/media?parent=302"}],"curies":[{"name":"wp","href":"https:\/\/api.w.org\/{rel}","templated":true}]}}