{"id":2993,"date":"2022-07-26T14:10:09","date_gmt":"2022-07-26T13:10:09","guid":{"rendered":"https:\/\/nntt.auria.org\/?page_id=2993"},"modified":"2022-07-26T14:10:09","modified_gmt":"2022-07-26T13:10:09","slug":"ulleres-de-realitat-virtual-oculus-quest-2","status":"publish","type":"page","link":"https:\/\/nntt2.auria.org\/index.php\/ulleres-de-realitat-virtual-oculus-quest-2\/","title":{"rendered":"Ulleres de realitat virtual oculus quest 2"},"content":{"rendered":"\n<div class=\"wp-block-image\"><figure class=\"aligncenter size-large is-resized\"><img loading=\"lazy\" decoding=\"async\" src=\"https:\/\/nntt2.auria.org\/wp-content\/uploads\/2022\/07\/oculus-1024x576.jpeg\" alt=\"\" class=\"wp-image-2994\" width=\"796\" height=\"448\" srcset=\"https:\/\/nntt2.auria.org\/wp-content\/uploads\/2022\/07\/oculus-1024x576.jpeg 1024w, https:\/\/nntt2.auria.org\/wp-content\/uploads\/2022\/07\/oculus-600x338.jpeg 600w, https:\/\/nntt2.auria.org\/wp-content\/uploads\/2022\/07\/oculus-300x169.jpeg 300w, https:\/\/nntt2.auria.org\/wp-content\/uploads\/2022\/07\/oculus-768x432.jpeg 768w, https:\/\/nntt2.auria.org\/wp-content\/uploads\/2022\/07\/oculus.jpeg 1200w\" sizes=\"auto, (max-width: 796px) 100vw, 796px\" \/><\/figure><\/div>\n\n\n\n<p>A banda de les ulleres de realitat virtual HTC Vive tamb\u00e9 disposem de les Oculus Quest 2.<\/p>\n\n\n\n<p>Aquestes ulleres de la companyia Facebook (ara Meta) s\u00f3n molt m\u00e9s portables i r\u00e0pides de comen\u00e7ar a utilitzar que no pas les HTC ja que no necessiten de sensors externs ni ordinador. Tot el necessari est\u00e0 integrat a les ulleres. Fins i tot en alguns &#8220;jocs&#8221; no cal fer \u00fas dels mandos ja que et detecta les propies mans dins del &#8220;joc&#8221;.<\/p>\n\n\n\n<p>Aix\u00f2 ens permet despla\u00e7ar-nos amb m\u00e9s comoditat per les sales quan fem l&#8217;activitat de RV amb les persones usu\u00e0ries de la Fundaci\u00f3.<\/p>\n\n\n\n<p>Per altra banda no t\u00e9 tant contingut gratu\u00eft. I t&#8217;obliga a tenir un perfil de Facebook per a poder-les utilitzar.<\/p>\n","protected":false},"excerpt":{"rendered":"<p>A banda de les ulleres de realitat virtual HTC Vive tamb\u00e9 disposem de les Oculus Quest 2. Aquestes ulleres de la companyia Facebook (ara Meta) s\u00f3n molt m\u00e9s portables i r\u00e0pides de<a class=\"moretag\" href=\"https:\/\/nntt2.auria.org\/index.php\/ulleres-de-realitat-virtual-oculus-quest-2\/\">Read More&#8230;<\/a><\/p>\n","protected":false},"author":1,"featured_media":0,"parent":0,"menu_order":0,"comment_status":"closed","ping_status":"closed","template":"","meta":{"footnotes":""},"class_list":["post-2993","page","type-page","status-publish","hentry"],"_links":{"self":[{"href":"https:\/\/nntt2.auria.org\/index.php\/wp-json\/wp\/v2\/pages\/2993","targetHints":{"allow":["GET"]}}],"collection":[{"href":"https:\/\/nntt2.auria.org\/index.php\/wp-json\/wp\/v2\/pages"}],"about":[{"href":"https:\/\/nntt2.auria.org\/index.php\/wp-json\/wp\/v2\/types\/page"}],"author":[{"embeddable":true,"href":"https:\/\/nntt2.auria.org\/index.php\/wp-json\/wp\/v2\/users\/1"}],"replies":[{"embeddable":true,"href":"https:\/\/nntt2.auria.org\/index.php\/wp-json\/wp\/v2\/comments?post=2993"}],"version-history":[{"count":1,"href":"https:\/\/nntt2.auria.org\/index.php\/wp-json\/wp\/v2\/pages\/2993\/revisions"}],"predecessor-version":[{"id":2995,"href":"https:\/\/nntt2.auria.org\/index.php\/wp-json\/wp\/v2\/pages\/2993\/revisions\/2995"}],"wp:attachment":[{"href":"https:\/\/nntt2.auria.org\/index.php\/wp-json\/wp\/v2\/media?parent=2993"}],"curies":[{"name":"wp","href":"https:\/\/api.w.org\/{rel}","templated":true}]}}