{"id":298,"date":"2020-06-09T08:03:51","date_gmt":"2020-06-09T08:03:51","guid":{"rendered":"https:\/\/nntt.auria.org\/?page_id=298"},"modified":"2020-07-01T16:54:08","modified_gmt":"2020-07-01T16:54:08","slug":"simon-2","status":"publish","type":"page","link":"https:\/\/nntt2.auria.org\/index.php\/recursos\/jocs\/simon-2\/","title":{"rendered":"Simon"},"content":{"rendered":"\n<div class=\"wp-block-media-text alignwide is-stacked-on-mobile is-vertically-aligned-center\" style=\"grid-template-columns:41% auto\"><figure class=\"wp-block-media-text__media\"><a href=\"https:\/\/scratch.mit.edu\/projects\/286095824\/\"><img loading=\"lazy\" decoding=\"async\" width=\"480\" height=\"360\" src=\"https:\/\/nntt2.auria.org\/wp-content\/uploads\/2020\/06\/descarga.png\" alt=\"\" class=\"wp-image-506\" srcset=\"https:\/\/nntt2.auria.org\/wp-content\/uploads\/2020\/06\/descarga.png 480w, https:\/\/nntt2.auria.org\/wp-content\/uploads\/2020\/06\/descarga-300x225.png 300w\" sizes=\"auto, (max-width: 480px) 100vw, 480px\" \/><\/a><\/figure><div class=\"wp-block-media-text__content\">\n<p>Aquest joc \u00e9s una reproducci\u00f3&nbsp;de l&#8217;original, anomenat tamb\u00e9&nbsp;Simon&nbsp;Says, el qual es basa&nbsp;a&nbsp;anar memoritzant i repetint els moviments que fa la m\u00e0quina. Cada moviment correspon a una tecla que s&#8217;il\u00b7lumina i fa un so.<\/p>\n\n\n\n<p>Com podeu veure en la pantalla inicial trobem dues dificultats i a la cantonada inferior esquerra l&#8217;opci\u00f3&nbsp;freestyle.<\/p>\n<\/div><\/div>\n\n\n\n<div style=\"height:30px\" aria-hidden=\"true\" class=\"wp-block-spacer\"><\/div>\n\n\n\n<p>La<em><strong> dificultat 1<\/strong><\/em> b\u00e0sicament \u00e9s una simplificaci\u00f3 i nom\u00e9s s&#8217;ha de repetir un moviment de la m\u00e0quina. A la seg\u00fcent ronda aquest ser\u00e0 un altre per\u00f2 nom\u00e9s s&#8217;ha de repetir aquell \u00fanic moviment.<\/p>\n\n\n\n<p>La <em><strong>dificultat 2<\/strong><\/em> \u00e9s el joc original. Consisteix a repetir tots els moviments que fa la m\u00e0quina, a cada ronda que se supera se li suma un nou moviment.<\/p>\n\n\n\n<p>El sistema\u00a0<em><strong>freestyle<\/strong><\/em>\u00a0permet al jugador experimentar amb les diferents tecles que t\u00e9 el joc.<\/p>\n\n\n\n<p>Mitjan\u00e7ant aquest joc es vol treballar la mem\u00f2ria a partir de cadenes, curtes o llargues, d&#8217;est\u00edmuls visuals i auditius. La forma d&#8217;interacci\u00f3 amb el joc est\u00e0 pensada per fer-se amb el cursor del ratol\u00ed encara que tamb\u00e9 s&#8217;ha implementat que cada bot\u00f3 del&nbsp;Simon&nbsp;correspongui amb els n\u00fameros indicats.<\/p>\n\n\n\n<div class=\"wp-block-image\"><figure class=\"aligncenter size-medium is-resized\"><img loading=\"lazy\" decoding=\"async\" src=\"https:\/\/nntt2.auria.org\/wp-content\/uploads\/2020\/06\/mouse-300x206.jpg\" alt=\"\" class=\"wp-image-395\" width=\"225\" height=\"155\" srcset=\"https:\/\/nntt2.auria.org\/wp-content\/uploads\/2020\/06\/mouse-300x206.jpg 300w, https:\/\/nntt2.auria.org\/wp-content\/uploads\/2020\/06\/mouse-600x413.jpg 600w, https:\/\/nntt2.auria.org\/wp-content\/uploads\/2020\/06\/mouse-1024x704.jpg 1024w, https:\/\/nntt2.auria.org\/wp-content\/uploads\/2020\/06\/mouse-768x528.jpg 768w, https:\/\/nntt2.auria.org\/wp-content\/uploads\/2020\/06\/mouse.jpg 1291w\" sizes=\"auto, (max-width: 225px) 100vw, 225px\" \/><\/figure><\/div>\n\n\n\n<p class=\"has-normal-font-size\">Una altra\u00a0de les habilitats que treballa \u00e9s la coordinaci\u00f3 entre la pantalla i el perif\u00e8ric utilitzat, teclat,\u00a0switcher\u00a0o\u00a0makey-makey.<\/p>\n\n\n\n<p class=\"has-normal-font-size\">Recordeu, per comen\u00e7ar a jugar heu\u00a0de fer clic a la bandera verda  ( <img loading=\"lazy\" decoding=\"async\" width=\"17\" height=\"18\" class=\"wp-image-484\" style=\"width: 17px;\" src=\"https:\/\/nntt2.auria.org\/wp-content\/uploads\/2020\/06\/green_flag.png\" alt=\"\">)<\/p>\n\n\n\n<iframe loading=\"lazy\" src=\"https:\/\/jamesbmadden.github.io\/scratch-silicon\/#286095824\" width=\"640px\" height=\"480px\" allowFullscreen scrolling=\"no\" allowtransparency=\"true\" frameborder=\"0\"><\/iframe>\n\n\n\n<p><\/p>\n","protected":false},"excerpt":{"rendered":"<p>Aquest joc \u00e9s una reproducci\u00f3&nbsp;de l&#8217;original, anomenat tamb\u00e9&nbsp;Simon&nbsp;Says, el qual es basa&nbsp;a&nbsp;anar memoritzant i repetint els moviments que fa la m\u00e0quina. Cada moviment correspon a una tecla que s&#8217;il\u00b7lumina i fa un<a class=\"moretag\" href=\"https:\/\/nntt2.auria.org\/index.php\/recursos\/jocs\/simon-2\/\">Read More&#8230;<\/a><\/p>\n","protected":false},"author":1,"featured_media":0,"parent":15,"menu_order":0,"comment_status":"closed","ping_status":"closed","template":"","meta":{"footnotes":""},"class_list":["post-298","page","type-page","status-publish","hentry"],"_links":{"self":[{"href":"https:\/\/nntt2.auria.org\/index.php\/wp-json\/wp\/v2\/pages\/298","targetHints":{"allow":["GET"]}}],"collection":[{"href":"https:\/\/nntt2.auria.org\/index.php\/wp-json\/wp\/v2\/pages"}],"about":[{"href":"https:\/\/nntt2.auria.org\/index.php\/wp-json\/wp\/v2\/types\/page"}],"author":[{"embeddable":true,"href":"https:\/\/nntt2.auria.org\/index.php\/wp-json\/wp\/v2\/users\/1"}],"replies":[{"embeddable":true,"href":"https:\/\/nntt2.auria.org\/index.php\/wp-json\/wp\/v2\/comments?post=298"}],"version-history":[{"count":10,"href":"https:\/\/nntt2.auria.org\/index.php\/wp-json\/wp\/v2\/pages\/298\/revisions"}],"predecessor-version":[{"id":623,"href":"https:\/\/nntt2.auria.org\/index.php\/wp-json\/wp\/v2\/pages\/298\/revisions\/623"}],"up":[{"embeddable":true,"href":"https:\/\/nntt2.auria.org\/index.php\/wp-json\/wp\/v2\/pages\/15"}],"wp:attachment":[{"href":"https:\/\/nntt2.auria.org\/index.php\/wp-json\/wp\/v2\/media?parent=298"}],"curies":[{"name":"wp","href":"https:\/\/api.w.org\/{rel}","templated":true}]}}