{"id":292,"date":"2020-06-09T08:01:07","date_gmt":"2020-06-09T08:01:07","guid":{"rendered":"https:\/\/nntt.auria.org\/?page_id=292"},"modified":"2020-07-01T16:55:19","modified_gmt":"2020-07-01T16:55:19","slug":"whac-a-mole-2","status":"publish","type":"page","link":"https:\/\/nntt2.auria.org\/index.php\/recursos\/jocs\/whac-a-mole-2\/","title":{"rendered":"Whac-a-Mole"},"content":{"rendered":"\n<div class=\"wp-block-media-text alignwide is-stacked-on-mobile is-vertically-aligned-top\" style=\"grid-template-columns:41% auto\"><figure class=\"wp-block-media-text__media\"><a href=\"https:\/\/scratch.mit.edu\/projects\/290996694\/\"><img loading=\"lazy\" decoding=\"async\" width=\"480\" height=\"360\" src=\"https:\/\/nntt2.auria.org\/wp-content\/uploads\/2020\/06\/whac_a_mole.png\" alt=\"\" class=\"wp-image-511\" srcset=\"https:\/\/nntt2.auria.org\/wp-content\/uploads\/2020\/06\/whac_a_mole.png 480w, https:\/\/nntt2.auria.org\/wp-content\/uploads\/2020\/06\/whac_a_mole-300x225.png 300w\" sizes=\"auto, (max-width: 480px) 100vw, 480px\" \/><\/a><\/figure><div class=\"wp-block-media-text__content\">\n<p class=\"has-normal-font-size\">El joc consisteix en atrapar els talps que surten dels tres caus de forma aleat\u00f2ria.<\/p>\n\n\n\n<p class=\"has-normal-font-size\">Per poder atrapar els talps el jugador haur\u00e0 d\u2019utilitzar el ratol\u00ed o les fletxes del teclat, les quals correspondran a cada un dels caus que hi ha a la pantalla, cada vegada que n\u2019atrapi un se li sumar\u00e0 un punt a la puntuaci\u00f3 total de la partida.<\/p>\n<\/div><\/div>\n\n\n\n<div style=\"height:30px\" aria-hidden=\"true\" class=\"wp-block-spacer\"><\/div>\n\n\n\n<p>Per tal de proporcionar-li un al\u00b7licient s&#8217;han implementat tres dificultats diferents les quals les pot seleccionar el professional mitjan\u00e7ant el ratol\u00ed.<\/p>\n\n\n\n<p>Per&nbsp;altra banda&nbsp;a la cantonada superior esquerra, per incrementar una mica la compet\u00e8ncia entre usuaris, trobem la puntuaci\u00f3 total de la partida. A&nbsp;difer\u00e8ncia&nbsp;d&#8217;altres jocs en aquest no hi ha un l\u00edmit de vides per tant el jugador pot experimentar i aprendre la din\u00e0mica i els conceptes a base de prova i error.<\/p>\n\n\n\n<p>Principalment treballa la relaci\u00f3 entre pr\u00e9mer una tecla i atrapar un talp, \u00e9s a dir,&nbsp;estem treballant&nbsp;l&#8217;acci\u00f3-reacci\u00f3 mitjan\u00e7ant les noves tecnologies. Per fer-ho ens valdrem del ratol\u00ed o les fletxes del teclat, la fletxa esquerra correspondr\u00e0 al cau de l&#8217;esquerra, la fletxa amunt correspondr\u00e0 al cau del mig i la fletxa dreta al cau de la dreta.<\/p>\n\n\n\n<div class=\"wp-block-columns are-vertically-aligned-center is-layout-flex wp-container-core-columns-is-layout-9d6595d7 wp-block-columns-is-layout-flex\">\n<div class=\"wp-block-column is-vertically-aligned-center is-layout-flow wp-block-column-is-layout-flow\">\n<div class=\"wp-block-image\"><figure class=\"alignright size-medium is-resized\"><img loading=\"lazy\" decoding=\"async\" src=\"https:\/\/nntt2.auria.org\/wp-content\/uploads\/2020\/06\/mouse-300x206.jpg\" alt=\"\" class=\"wp-image-395\" width=\"225\" height=\"155\" srcset=\"https:\/\/nntt2.auria.org\/wp-content\/uploads\/2020\/06\/mouse-300x206.jpg 300w, https:\/\/nntt2.auria.org\/wp-content\/uploads\/2020\/06\/mouse-600x413.jpg 600w, https:\/\/nntt2.auria.org\/wp-content\/uploads\/2020\/06\/mouse-1024x704.jpg 1024w, https:\/\/nntt2.auria.org\/wp-content\/uploads\/2020\/06\/mouse-768x528.jpg 768w, https:\/\/nntt2.auria.org\/wp-content\/uploads\/2020\/06\/mouse.jpg 1291w\" sizes=\"auto, (max-width: 225px) 100vw, 225px\" \/><\/figure><\/div>\n<\/div>\n\n\n\n<div class=\"wp-block-column is-vertically-aligned-center is-layout-flow wp-block-column-is-layout-flow\">\n<figure class=\"wp-block-image size-large is-resized\"><img loading=\"lazy\" decoding=\"async\" src=\"https:\/\/nntt2.auria.org\/wp-content\/uploads\/2020\/06\/all_arrow.jpg\" alt=\"\" class=\"wp-image-388\" width=\"174\" height=\"174\" srcset=\"https:\/\/nntt2.auria.org\/wp-content\/uploads\/2020\/06\/all_arrow.jpg 347w, https:\/\/nntt2.auria.org\/wp-content\/uploads\/2020\/06\/all_arrow-300x300.jpg 300w, https:\/\/nntt2.auria.org\/wp-content\/uploads\/2020\/06\/all_arrow-100x100.jpg 100w, https:\/\/nntt2.auria.org\/wp-content\/uploads\/2020\/06\/all_arrow-150x150.jpg 150w\" sizes=\"auto, (max-width: 174px) 100vw, 174px\" \/><\/figure>\n<\/div>\n<\/div>\n\n\n\n<p>Una altra de les habilitats que treballa \u00e9s la coordinaci\u00f3 entre la pantalla i el perif\u00e8ric utilitzat, teclat, switcher o makey-makey.<\/p>\n\n\n\n<p class=\"has-normal-font-size\">Recordeu, per comen\u00e7ar a jugar heu\u00a0de fer clic a la bandera verda  ( <img loading=\"lazy\" decoding=\"async\" width=\"17\" height=\"18\" class=\"wp-image-484\" style=\"width: 17px;\" src=\"https:\/\/nntt2.auria.org\/wp-content\/uploads\/2020\/06\/green_flag.png\" alt=\"\">)<\/p>\n\n\n\n<iframe loading=\"lazy\" src=\"https:\/\/jamesbmadden.github.io\/scratch-silicon\/#290996694\" width=\"640px\" height=\"480px\" allowFullscreen scrolling=\"no\" allowtransparency=\"true\" frameborder=\"0\"><\/iframe>\n\n\n\n<p><\/p>\n","protected":false},"excerpt":{"rendered":"<p>El joc consisteix en atrapar els talps que surten dels tres caus de forma aleat\u00f2ria. Per poder atrapar els talps el jugador haur\u00e0 d\u2019utilitzar el ratol\u00ed o les fletxes del teclat, les<a class=\"moretag\" href=\"https:\/\/nntt2.auria.org\/index.php\/recursos\/jocs\/whac-a-mole-2\/\">Read More&#8230;<\/a><\/p>\n","protected":false},"author":1,"featured_media":0,"parent":15,"menu_order":0,"comment_status":"closed","ping_status":"closed","template":"","meta":{"footnotes":""},"class_list":["post-292","page","type-page","status-publish","hentry"],"_links":{"self":[{"href":"https:\/\/nntt2.auria.org\/index.php\/wp-json\/wp\/v2\/pages\/292","targetHints":{"allow":["GET"]}}],"collection":[{"href":"https:\/\/nntt2.auria.org\/index.php\/wp-json\/wp\/v2\/pages"}],"about":[{"href":"https:\/\/nntt2.auria.org\/index.php\/wp-json\/wp\/v2\/types\/page"}],"author":[{"embeddable":true,"href":"https:\/\/nntt2.auria.org\/index.php\/wp-json\/wp\/v2\/users\/1"}],"replies":[{"embeddable":true,"href":"https:\/\/nntt2.auria.org\/index.php\/wp-json\/wp\/v2\/comments?post=292"}],"version-history":[{"count":5,"href":"https:\/\/nntt2.auria.org\/index.php\/wp-json\/wp\/v2\/pages\/292\/revisions"}],"predecessor-version":[{"id":624,"href":"https:\/\/nntt2.auria.org\/index.php\/wp-json\/wp\/v2\/pages\/292\/revisions\/624"}],"up":[{"embeddable":true,"href":"https:\/\/nntt2.auria.org\/index.php\/wp-json\/wp\/v2\/pages\/15"}],"wp:attachment":[{"href":"https:\/\/nntt2.auria.org\/index.php\/wp-json\/wp\/v2\/media?parent=292"}],"curies":[{"name":"wp","href":"https:\/\/api.w.org\/{rel}","templated":true}]}}