{"id":2683,"date":"2021-09-29T13:52:58","date_gmt":"2021-09-29T12:52:58","guid":{"rendered":"https:\/\/nntt.auria.org\/?page_id=2683"},"modified":"2021-09-29T13:52:58","modified_gmt":"2021-09-29T12:52:58","slug":"cokitos-com","status":"publish","type":"page","link":"https:\/\/nntt2.auria.org\/index.php\/cokitos-com\/","title":{"rendered":"Cokitos.com"},"content":{"rendered":"\n<div class=\"wp-block-media-text alignwide is-stacked-on-mobile\" style=\"grid-template-columns:39% auto\"><figure class=\"wp-block-media-text__media\"><a href=\"https:\/\/www.cokitos.com\/\"><img loading=\"lazy\" decoding=\"async\" width=\"414\" height=\"413\" src=\"https:\/\/nntt2.auria.org\/wp-content\/uploads\/2021\/09\/MiniLogoCokitos.png\" alt=\"\" class=\"wp-image-2681\" srcset=\"https:\/\/nntt2.auria.org\/wp-content\/uploads\/2021\/09\/MiniLogoCokitos.png 414w, https:\/\/nntt2.auria.org\/wp-content\/uploads\/2021\/09\/MiniLogoCokitos-300x300.png 300w, https:\/\/nntt2.auria.org\/wp-content\/uploads\/2021\/09\/MiniLogoCokitos-100x100.png 100w, https:\/\/nntt2.auria.org\/wp-content\/uploads\/2021\/09\/MiniLogoCokitos-150x150.png 150w\" sizes=\"auto, (max-width: 414px) 100vw, 414px\" \/><\/a><\/figure><div class=\"wp-block-media-text__content\">\n<p class=\"has-large-font-size\">Interessant plataforma en la que trobarem molts jocs en l\u00ednia classificats per \u00e0rees (musicals, n\u00fameros, lletres, etc.) i per edats. <\/p>\n\n\n\n<p>La web la trobarem en castell\u00e0, angl\u00e8s, franc\u00e8s i portugu\u00e8s<\/p>\n<\/div><\/div>\n\n\n\n<div class=\"wp-block-image\"><figure class=\"aligncenter size-large is-resized\"><img loading=\"lazy\" decoding=\"async\" src=\"https:\/\/nntt2.auria.org\/wp-content\/uploads\/2021\/09\/image-1024x128.png\" alt=\"\" class=\"wp-image-2684\" width=\"1251\" height=\"156\" srcset=\"https:\/\/nntt2.auria.org\/wp-content\/uploads\/2021\/09\/image-1024x128.png 1024w, https:\/\/nntt2.auria.org\/wp-content\/uploads\/2021\/09\/image-600x75.png 600w, https:\/\/nntt2.auria.org\/wp-content\/uploads\/2021\/09\/image-300x38.png 300w, https:\/\/nntt2.auria.org\/wp-content\/uploads\/2021\/09\/image-768x96.png 768w, https:\/\/nntt2.auria.org\/wp-content\/uploads\/2021\/09\/image-1200x151.png 1200w, https:\/\/nntt2.auria.org\/wp-content\/uploads\/2021\/09\/image.png 1206w\" sizes=\"auto, (max-width: 1251px) 100vw, 1251px\" \/><\/figure><\/div>\n","protected":false},"excerpt":{"rendered":"<p>Interessant plataforma en la que trobarem molts jocs en l\u00ednia classificats per \u00e0rees (musicals, n\u00fameros, lletres, etc.) i per edats. La web la trobarem en castell\u00e0, angl\u00e8s, franc\u00e8s i portugu\u00e8s<\/p>\n","protected":false},"author":1,"featured_media":0,"parent":0,"menu_order":0,"comment_status":"closed","ping_status":"closed","template":"","meta":{"footnotes":""},"class_list":["post-2683","page","type-page","status-publish","hentry"],"_links":{"self":[{"href":"https:\/\/nntt2.auria.org\/index.php\/wp-json\/wp\/v2\/pages\/2683","targetHints":{"allow":["GET"]}}],"collection":[{"href":"https:\/\/nntt2.auria.org\/index.php\/wp-json\/wp\/v2\/pages"}],"about":[{"href":"https:\/\/nntt2.auria.org\/index.php\/wp-json\/wp\/v2\/types\/page"}],"author":[{"embeddable":true,"href":"https:\/\/nntt2.auria.org\/index.php\/wp-json\/wp\/v2\/users\/1"}],"replies":[{"embeddable":true,"href":"https:\/\/nntt2.auria.org\/index.php\/wp-json\/wp\/v2\/comments?post=2683"}],"version-history":[{"count":1,"href":"https:\/\/nntt2.auria.org\/index.php\/wp-json\/wp\/v2\/pages\/2683\/revisions"}],"predecessor-version":[{"id":2685,"href":"https:\/\/nntt2.auria.org\/index.php\/wp-json\/wp\/v2\/pages\/2683\/revisions\/2685"}],"wp:attachment":[{"href":"https:\/\/nntt2.auria.org\/index.php\/wp-json\/wp\/v2\/media?parent=2683"}],"curies":[{"name":"wp","href":"https:\/\/api.w.org\/{rel}","templated":true}]}}