{"id":2463,"date":"2021-03-03T17:23:52","date_gmt":"2021-03-03T16:23:52","guid":{"rendered":"https:\/\/nntt.auria.org\/?page_id=2463"},"modified":"2021-03-03T17:30:56","modified_gmt":"2021-03-03T16:30:56","slug":"academons","status":"publish","type":"page","link":"https:\/\/nntt2.auria.org\/index.php\/academons\/","title":{"rendered":"Academons"},"content":{"rendered":"\n<p>Els quaderns d&#8217;estudi cl\u00e0ssics van ser, durant molt de temps, d&#8217;all\u00f2 m\u00e9s temuts pels nens que volien gaudir a el m\u00e0xim de les seves vacances escolars.<\/p>\n\n\n\n<p>Per sort, les noves tecnologies han propiciat la creaci\u00f3 d&#8217;aplicacions m\u00f2bils que permeten repassar a l&#8217;estiu el que han apr\u00e8s a classe d&#8217;una forma molt m\u00e9s amena, entretinguda i divertida.<\/p>\n\n\n\n<p>Una d&#8217;elles \u00e9s Academons, una app educativa dissenyada per un grup d&#8217;emprenedors espanyols de la ciutat de Lle\u00f3 i pensada per a nens i nenes d&#8217;entre vuit i dotze anys d&#8217;edat.<\/p>\n\n\n\n<p>L&#8217;objectiu d&#8217;Academons se centra en posar a disposici\u00f3 dels nois una aplicaci\u00f3 composta per jocs ideals per aprendre i \/ o repassar les assignatures dels cursos que van des de tercer fins a sis\u00e8 de prim\u00e0ria.<\/p>\n\n\n\n<p>Com funciona Academons?<\/p>\n\n\n\n<p>Si esteu buscant una app educativa per repassar a l&#8217;estiu el que han apr\u00e8s a classe que fascini als vostres fills, \u00e9s molt probable que us interessi saber qu\u00e8 \u00e9s realment Academons.<\/p>\n\n\n\n<p>Es tracta d&#8217;una aplicaci\u00f3 que anima els nens a aprendre jugant i que funciona d&#8217;una manera molt similar a el fam\u00f3s Pok\u00e9mon Go !, ja que els participants han d&#8217;entrenar als seus Academons perqu\u00e8 evolucionin a mesura que aprenen.<\/p>\n\n\n\n<p>L&#8217;entrenament fa possible que els Academons puguin anar completant missions formades per itineraris basats en jocs educatius relacionats amb una assignatura concreta. Cada vegada que un alumne completa un itinerari, s&#8217;aconsegueix una Masterballque permet que la seva mascota creixi i evolucioni.<\/p>\n\n\n\n<p>A m\u00e9s, hi ha un Academon diferent per a cada assignatura i aquesta app educativa per a l&#8217;estiu (o per a la resta de l&#8217;any) permet endinsar-se en l&#8217;univers de les matem\u00e0tiques, la llengua espanyola, les socials, les ci\u00e8ncies naturals i, fins i tot, l&#8217;angl\u00e8s.<\/p>\n\n\n\n<p>Motivaci\u00f3 a trav\u00e9s de reptes<\/p>\n\n\n\n<p>Aconseguir que als nens els vingui de gust dedicar temps a repassar el que han apr\u00e8s a classe durant els mesos d&#8217;estiu no \u00e9s senzill.<\/p>\n\n\n\n<p>Per aix\u00f2 Academons s&#8217;encarrega de mantenir els petits motivats permetent que els jugadors es puguin reptar entre ells i respondre a reptes enviats per altres usuaris del seu mateix curs per demostrar qui sap m\u00e9s d&#8217;aquesta assignatura.<\/p>\n\n\n\n<p>Els fundadors d&#8217;aquesta app educativa que fa que repassar el que han apr\u00e8s a classe sigui divertit i apassionant asseguren que, a l&#8217;utilitzar Academons, el rendiment acad\u00e8mic de l&#8217;infant millora un 30% dedicant, tan sols, 15 minuts a el dia.<\/p>\n\n\n\n<p>Manu Velasco, elegit millor docent de l&#8217;any 2018 i professor de quart de prim\u00e0ria, parla sobre Academons afirmant que &#8220;sempre que puc introdueixo el joc en les meves classes perqu\u00e8 motiva m\u00e9s als meus alumnes i els ajuda a aprendre millor.<\/p>\n\n\n\n<p>Academons ajuda a mantenir aquesta motivaci\u00f3 en vacances perqu\u00e8, a m\u00e9s d&#8217;estar adaptat exactament al que hem vist a classe, t\u00e9 unes din\u00e0miques de joc molt completes que realment enganxen als meus alumnes &#8220;.<\/p>\n\n\n\n<p>El responsable que els petits puguin emprar una app educativa i divertida com Academons \u00e9s l&#8217;emprenedor Ra\u00fal Orelles, que assenyala que &#8220;aprendre es fa menys complicat si t&#8217;ho prens com un joc diari.<\/p>\n\n\n\n<p>A Academons, els alumnes hauran de fer evolucionar a les seves mascotes jugant a jocs educatius en els que refor\u00e7aran els coneixements adquirits a l&#8217;escola.<\/p>\n\n\n\n<p><\/p>\n\n\n\n<p class=\"has-large-font-size\"><a href=\"https:\/\/play.google.com\/store\/apps\/details?id=com.cerebritiapp&amp;hl=es\">enlla\u00e7 de desc\u00e0rrega de l&#8217;app<\/a><\/p>\n\n\n\n<figure class=\"wp-block-image size-large is-resized\"><a href=\"https:\/\/www.academons.com\/#\"><img loading=\"lazy\" decoding=\"async\" src=\"https:\/\/nntt2.auria.org\/wp-content\/uploads\/2021\/03\/academons2-1.png\" alt=\"\" class=\"wp-image-2465\" width=\"1245\" height=\"940\" srcset=\"https:\/\/nntt2.auria.org\/wp-content\/uploads\/2021\/03\/academons2-1.png 801w, https:\/\/nntt2.auria.org\/wp-content\/uploads\/2021\/03\/academons2-1-600x453.png 600w, https:\/\/nntt2.auria.org\/wp-content\/uploads\/2021\/03\/academons2-1-300x227.png 300w, https:\/\/nntt2.auria.org\/wp-content\/uploads\/2021\/03\/academons2-1-768x580.png 768w\" sizes=\"auto, (max-width: 1245px) 100vw, 1245px\" \/><\/a><\/figure>\n","protected":false},"excerpt":{"rendered":"<p>Els quaderns d&#8217;estudi cl\u00e0ssics van ser, durant molt de temps, d&#8217;all\u00f2 m\u00e9s temuts pels nens que volien gaudir a el m\u00e0xim de les seves vacances escolars. Per sort, les noves tecnologies han<a class=\"moretag\" href=\"https:\/\/nntt2.auria.org\/index.php\/academons\/\">Read More&#8230;<\/a><\/p>\n","protected":false},"author":1,"featured_media":0,"parent":0,"menu_order":0,"comment_status":"closed","ping_status":"closed","template":"","meta":{"footnotes":""},"class_list":["post-2463","page","type-page","status-publish","hentry"],"_links":{"self":[{"href":"https:\/\/nntt2.auria.org\/index.php\/wp-json\/wp\/v2\/pages\/2463","targetHints":{"allow":["GET"]}}],"collection":[{"href":"https:\/\/nntt2.auria.org\/index.php\/wp-json\/wp\/v2\/pages"}],"about":[{"href":"https:\/\/nntt2.auria.org\/index.php\/wp-json\/wp\/v2\/types\/page"}],"author":[{"embeddable":true,"href":"https:\/\/nntt2.auria.org\/index.php\/wp-json\/wp\/v2\/users\/1"}],"replies":[{"embeddable":true,"href":"https:\/\/nntt2.auria.org\/index.php\/wp-json\/wp\/v2\/comments?post=2463"}],"version-history":[{"count":4,"href":"https:\/\/nntt2.auria.org\/index.php\/wp-json\/wp\/v2\/pages\/2463\/revisions"}],"predecessor-version":[{"id":2472,"href":"https:\/\/nntt2.auria.org\/index.php\/wp-json\/wp\/v2\/pages\/2463\/revisions\/2472"}],"wp:attachment":[{"href":"https:\/\/nntt2.auria.org\/index.php\/wp-json\/wp\/v2\/media?parent=2463"}],"curies":[{"name":"wp","href":"https:\/\/api.w.org\/{rel}","templated":true}]}}