{"id":2341,"date":"2021-02-10T14:35:53","date_gmt":"2021-02-10T13:35:53","guid":{"rendered":"https:\/\/nntt.auria.org\/?page_id=2341"},"modified":"2021-02-10T14:35:53","modified_gmt":"2021-02-10T13:35:53","slug":"utac","status":"publish","type":"page","link":"https:\/\/nntt2.auria.org\/index.php\/utac\/","title":{"rendered":"UTAC"},"content":{"rendered":"\n<div class=\"wp-block-media-text alignwide is-stacked-on-mobile\"><figure class=\"wp-block-media-text__media\"><img loading=\"lazy\" decoding=\"async\" width=\"200\" height=\"200\" src=\"https:\/\/nntt2.auria.org\/wp-content\/uploads\/2020\/06\/utac.png\" alt=\"\" class=\"wp-image-463\" srcset=\"https:\/\/nntt2.auria.org\/wp-content\/uploads\/2020\/06\/utac.png 200w, https:\/\/nntt2.auria.org\/wp-content\/uploads\/2020\/06\/utac-100x100.png 100w, https:\/\/nntt2.auria.org\/wp-content\/uploads\/2020\/06\/utac-150x150.png 150w\" sizes=\"auto, (max-width: 200px) 100vw, 200px\" \/><\/figure><div class=\"wp-block-media-text__content\">\n<p class=\"has-medium-font-size\">La\u00a0UTAC\u00a0\u00e9s un servei adre\u00e7at a persones que es poden beneficiar de l&#8217;\u00fas de comunicaci\u00f3 augmentativa, a professionals que els donen suport i a les seves fam\u00edlies. <\/p>\n\n\n\n<p class=\"has-medium-font-size\">Els usuaris de comunicaci\u00f3 augmentativa ho poden ser\u00a0a conseq\u00fc\u00e8ncia\u00a0d&#8217;una discapacitat motriu, d&#8217;un trastorn de l&#8217;espectre de l&#8217;autisme, discapacitat intel\u00b7lectual, o qualsevol altra causa que dificulti o impedeixi l&#8217;\u00fas de la parla per comunicar-se, desenvolupar el llenguatge i\/o accedir als aprenentatges.<\/p>\n\n\n\n<p class=\"has-medium-font-size\"> La\u00a0UTAC\u00a0tamb\u00e9 ofereix assessorament sobre tecnologies de suport en \u00e0mbits com l&#8217;acc\u00e9s a la tecnologia, el joc adaptat, el control de l&#8217;entorn i la mobilitat assistida.<\/p>\n\n\n\n<p class=\"has-medium-font-size\">La&nbsp;UTAC&nbsp;\u00e9s un servei extern de la Facultat de Psicologia de la Universitat de Barcelona. Compr\u00e8n la&nbsp;UTAC&nbsp;S\u00edrius, en conveni amb el Departament de Treball, Afers Socials i Fam\u00edlies i la&nbsp;UTAC&nbsp;Educaci\u00f3, en contracte amb el Departament d&#8217;Educaci\u00f3 de la Generalitat de Catalunya.<\/p>\n<\/div><\/div>\n","protected":false},"excerpt":{"rendered":"<p>La\u00a0UTAC\u00a0\u00e9s un servei adre\u00e7at a persones que es poden beneficiar de l&#8217;\u00fas de comunicaci\u00f3 augmentativa, a professionals que els donen suport i a les seves fam\u00edlies. Els usuaris de comunicaci\u00f3 augmentativa ho<a class=\"moretag\" href=\"https:\/\/nntt2.auria.org\/index.php\/utac\/\">Read More&#8230;<\/a><\/p>\n","protected":false},"author":1,"featured_media":0,"parent":0,"menu_order":0,"comment_status":"closed","ping_status":"closed","template":"","meta":{"footnotes":""},"class_list":["post-2341","page","type-page","status-publish","hentry"],"_links":{"self":[{"href":"https:\/\/nntt2.auria.org\/index.php\/wp-json\/wp\/v2\/pages\/2341","targetHints":{"allow":["GET"]}}],"collection":[{"href":"https:\/\/nntt2.auria.org\/index.php\/wp-json\/wp\/v2\/pages"}],"about":[{"href":"https:\/\/nntt2.auria.org\/index.php\/wp-json\/wp\/v2\/types\/page"}],"author":[{"embeddable":true,"href":"https:\/\/nntt2.auria.org\/index.php\/wp-json\/wp\/v2\/users\/1"}],"replies":[{"embeddable":true,"href":"https:\/\/nntt2.auria.org\/index.php\/wp-json\/wp\/v2\/comments?post=2341"}],"version-history":[{"count":1,"href":"https:\/\/nntt2.auria.org\/index.php\/wp-json\/wp\/v2\/pages\/2341\/revisions"}],"predecessor-version":[{"id":2342,"href":"https:\/\/nntt2.auria.org\/index.php\/wp-json\/wp\/v2\/pages\/2341\/revisions\/2342"}],"wp:attachment":[{"href":"https:\/\/nntt2.auria.org\/index.php\/wp-json\/wp\/v2\/media?parent=2341"}],"curies":[{"name":"wp","href":"https:\/\/api.w.org\/{rel}","templated":true}]}}