{"id":2216,"date":"2021-01-18T11:29:39","date_gmt":"2021-01-18T10:29:39","guid":{"rendered":"https:\/\/nntt.auria.org\/?page_id=2216"},"modified":"2021-01-19T15:03:08","modified_gmt":"2021-01-19T14:03:08","slug":"el-castell-dels-monstres-aventura-grafica","status":"publish","type":"page","link":"https:\/\/nntt2.auria.org\/index.php\/recursos\/descarregues\/per-ordinador\/el-castell-dels-monstres-aventura-grafica\/","title":{"rendered":"El castell dels monstres (aventura gr\u00e0fica)"},"content":{"rendered":"\n<div class=\"wp-block-media-text alignwide is-stacked-on-mobile is-vertically-aligned-top\"><figure class=\"wp-block-media-text__media\"><a href=\"https:\/\/drive.google.com\/file\/d\/1i591PG8muavb7nPOb0rVJKN1xU4Oz18F\/view?usp=sharing\"><img loading=\"lazy\" decoding=\"async\" width=\"511\" height=\"383\" src=\"https:\/\/nntt2.auria.org\/wp-content\/uploads\/2021\/01\/el-castell-dels-monstres-2.jpg\" alt=\"\" class=\"wp-image-2217\" srcset=\"https:\/\/nntt2.auria.org\/wp-content\/uploads\/2021\/01\/el-castell-dels-monstres-2.jpg 511w, https:\/\/nntt2.auria.org\/wp-content\/uploads\/2021\/01\/el-castell-dels-monstres-2-300x225.jpg 300w\" sizes=\"auto, (max-width: 511px) 100vw, 511px\" \/><\/a><\/figure><div class=\"wp-block-media-text__content\">\n<p>En aquesta divertida aventura gr\u00e0fica, en catal\u00e0,  comercialitzada pel Club S\u00faper 3 i creada per l&#8217;estudi ITACA, de Barcelona, ja fa m\u00e9s de 30 anys, ens posarem a la pell de 3 amics que intenten descobrir qui ha intentat assassinar el seu amic, el Sr. Llop i els motius.<\/p>\n\n\n\n<p><\/p>\n\n\n\n<p>Per poder-hi jugar us haureu de descarregar l&#8217;arxiu comprimit clicant a la imatge de l&#8217;esquerre. Un cop descarregat l&#8217;haureu de descomprimir prement el bot\u00f3 dret del ratol\u00ed sobre l&#8217;arxiu comprimit i clicant l&#8217;opci\u00f3 &#8220;descomprimir aqu\u00ed&#8221;. Un cop fet aix\u00f2 entreu dins la nova carpeta que s&#8217;ha generat i premeu sobre l&#8217;arxiu amb el nom &#8220;club&#8221;.exe (t\u00e9 la icona d&#8217;una c\u00e0mera de v\u00eddeo antiga). <\/p>\n\n\n\n<p><\/p>\n\n\n\n<p><\/p>\n<\/div><\/div>\n\n\n\n<p>\u00c9s possible que en aquest moment t&#8217;aparegui un missatge dient que el joc funciona amb una configuraci\u00f3 de 16 Bits. Cap problema, acceptem i en principi ja podrem jugar sense instal\u00b7lar res.<\/p>\n\n\n\n<p><\/p>\n\n\n\n<p>Esperem que el disfruteu.<\/p>\n\n\n\n<p><\/p>\n\n\n\n<p>Per si en algun moment us encalleu i no veieu la manera d&#8217;avan\u00e7ar. Hem tradu\u00eft una guia en PDF, que hem trobat, que us ajudar\u00e0 a continuar. I la podeu descarregar des d&#8217;aquest enlla\u00e7:<\/p>\n\n\n\n<p class=\"has-text-align-center has-large-font-size\"><a href=\"https:\/\/drive.google.com\/file\/d\/1-Q0FM8iicHP0skDjFbJ1LdzluQZXn0jy\/view?usp=sharing\">GUIA DEL JOC<\/a><\/p>\n","protected":false},"excerpt":{"rendered":"<p>En aquesta divertida aventura gr\u00e0fica, en catal\u00e0, comercialitzada pel Club S\u00faper 3 i creada per l&#8217;estudi ITACA, de Barcelona, ja fa m\u00e9s de 30 anys, ens posarem a la pell de 3<a class=\"moretag\" href=\"https:\/\/nntt2.auria.org\/index.php\/recursos\/descarregues\/per-ordinador\/el-castell-dels-monstres-aventura-grafica\/\">Read More&#8230;<\/a><\/p>\n","protected":false},"author":1,"featured_media":0,"parent":892,"menu_order":0,"comment_status":"closed","ping_status":"closed","template":"","meta":{"footnotes":""},"class_list":["post-2216","page","type-page","status-publish","hentry"],"_links":{"self":[{"href":"https:\/\/nntt2.auria.org\/index.php\/wp-json\/wp\/v2\/pages\/2216","targetHints":{"allow":["GET"]}}],"collection":[{"href":"https:\/\/nntt2.auria.org\/index.php\/wp-json\/wp\/v2\/pages"}],"about":[{"href":"https:\/\/nntt2.auria.org\/index.php\/wp-json\/wp\/v2\/types\/page"}],"author":[{"embeddable":true,"href":"https:\/\/nntt2.auria.org\/index.php\/wp-json\/wp\/v2\/users\/1"}],"replies":[{"embeddable":true,"href":"https:\/\/nntt2.auria.org\/index.php\/wp-json\/wp\/v2\/comments?post=2216"}],"version-history":[{"count":7,"href":"https:\/\/nntt2.auria.org\/index.php\/wp-json\/wp\/v2\/pages\/2216\/revisions"}],"predecessor-version":[{"id":2234,"href":"https:\/\/nntt2.auria.org\/index.php\/wp-json\/wp\/v2\/pages\/2216\/revisions\/2234"}],"up":[{"embeddable":true,"href":"https:\/\/nntt2.auria.org\/index.php\/wp-json\/wp\/v2\/pages\/892"}],"wp:attachment":[{"href":"https:\/\/nntt2.auria.org\/index.php\/wp-json\/wp\/v2\/media?parent=2216"}],"curies":[{"name":"wp","href":"https:\/\/api.w.org\/{rel}","templated":true}]}}