{"id":1971,"date":"2020-11-30T12:16:25","date_gmt":"2020-11-30T11:16:25","guid":{"rendered":"https:\/\/nntt.auria.org\/?page_id=1971"},"modified":"2020-12-14T13:29:53","modified_gmt":"2020-12-14T12:29:53","slug":"draw-and-paint","status":"publish","type":"page","link":"https:\/\/nntt2.auria.org\/index.php\/recursos\/descarregues\/per-ordinador\/draw-and-paint\/","title":{"rendered":"Draw and paint"},"content":{"rendered":"\n<div class=\"wp-block-image\"><figure class=\"aligncenter\"><a href=\"https:\/\/play.google.com\/store\/apps\/details?id=com.torcsoft.android.dap%C3%A7\"><img loading=\"lazy\" decoding=\"async\" width=\"649\" height=\"318\" src=\"https:\/\/nntt2.auria.org\/wp-content\/uploads\/2020\/11\/draw-and-paint-gran.png\" alt=\"\" class=\"wp-image-1972\" srcset=\"https:\/\/nntt2.auria.org\/wp-content\/uploads\/2020\/11\/draw-and-paint-gran.png 649w, https:\/\/nntt2.auria.org\/wp-content\/uploads\/2020\/11\/draw-and-paint-gran-600x294.png 600w, https:\/\/nntt2.auria.org\/wp-content\/uploads\/2020\/11\/draw-and-paint-gran-300x147.png 300w\" sizes=\"auto, (max-width: 649px) 100vw, 649px\" \/><\/a><\/figure><\/div>\n\n\n\n<p>Dibuixar i pintar \u00e9s una aplicaci\u00f3 de dibuix avan\u00e7at per al dispositiu m\u00f2bil.<br>Podeu crear dibuixos art\u00edstics en imatges de la seva galeria i c\u00e0mera o en un llen\u00e7 en blanc utilitzant un ampli conjunt d&#8217;eines de dibuix i pinzells.<\/p>\n\n\n\n<p>Despr\u00e9s, per descomptat, pot guardar o compartir la seva creaci\u00f3.<\/p>\n\n\n\n<p>Divertir-se i convertir-se en un artista amb dibuixar i pintar!<\/p>\n","protected":false},"excerpt":{"rendered":"<p>Dibuixar i pintar \u00e9s una aplicaci\u00f3 de dibuix avan\u00e7at per al dispositiu m\u00f2bil.Podeu crear dibuixos art\u00edstics en imatges de la seva galeria i c\u00e0mera o en un llen\u00e7 en blanc utilitzant un<a class=\"moretag\" href=\"https:\/\/nntt2.auria.org\/index.php\/recursos\/descarregues\/per-ordinador\/draw-and-paint\/\">Read More&#8230;<\/a><\/p>\n","protected":false},"author":1,"featured_media":0,"parent":892,"menu_order":0,"comment_status":"closed","ping_status":"closed","template":"","meta":{"footnotes":""},"class_list":["post-1971","page","type-page","status-publish","hentry"],"_links":{"self":[{"href":"https:\/\/nntt2.auria.org\/index.php\/wp-json\/wp\/v2\/pages\/1971","targetHints":{"allow":["GET"]}}],"collection":[{"href":"https:\/\/nntt2.auria.org\/index.php\/wp-json\/wp\/v2\/pages"}],"about":[{"href":"https:\/\/nntt2.auria.org\/index.php\/wp-json\/wp\/v2\/types\/page"}],"author":[{"embeddable":true,"href":"https:\/\/nntt2.auria.org\/index.php\/wp-json\/wp\/v2\/users\/1"}],"replies":[{"embeddable":true,"href":"https:\/\/nntt2.auria.org\/index.php\/wp-json\/wp\/v2\/comments?post=1971"}],"version-history":[{"count":2,"href":"https:\/\/nntt2.auria.org\/index.php\/wp-json\/wp\/v2\/pages\/1971\/revisions"}],"predecessor-version":[{"id":2068,"href":"https:\/\/nntt2.auria.org\/index.php\/wp-json\/wp\/v2\/pages\/1971\/revisions\/2068"}],"up":[{"embeddable":true,"href":"https:\/\/nntt2.auria.org\/index.php\/wp-json\/wp\/v2\/pages\/892"}],"wp:attachment":[{"href":"https:\/\/nntt2.auria.org\/index.php\/wp-json\/wp\/v2\/media?parent=1971"}],"curies":[{"name":"wp","href":"https:\/\/api.w.org\/{rel}","templated":true}]}}