{"id":1947,"date":"2020-11-30T12:03:21","date_gmt":"2020-11-30T11:03:21","guid":{"rendered":"https:\/\/nntt.auria.org\/?page_id=1947"},"modified":"2020-11-30T12:32:08","modified_gmt":"2020-11-30T11:32:08","slug":"coloring-and-learn-2","status":"publish","type":"page","link":"https:\/\/nntt2.auria.org\/index.php\/recursos\/descarregues\/per-android\/coloring-and-learn-2\/","title":{"rendered":"Coloring and learn"},"content":{"rendered":"\n<p><\/p>\n\n\n\n<div class=\"wp-block-media-text alignwide is-stacked-on-mobile\"><figure class=\"wp-block-media-text__media\"><a href=\"https:\/\/play.google.com\/store\/apps\/details?id=com.orange.coloring.learn.kids\"><img loading=\"lazy\" decoding=\"async\" width=\"501\" height=\"316\" src=\"https:\/\/nntt2.auria.org\/wp-content\/uploads\/2020\/11\/coloring-and-learn-gran.png\" alt=\"\" class=\"wp-image-1948\" srcset=\"https:\/\/nntt2.auria.org\/wp-content\/uploads\/2020\/11\/coloring-and-learn-gran.png 501w, https:\/\/nntt2.auria.org\/wp-content\/uploads\/2020\/11\/coloring-and-learn-gran-300x189.png 300w\" sizes=\"auto, (max-width: 501px) 100vw, 501px\" \/><\/a><\/figure><div class=\"wp-block-media-text__content\">\n<p class=\"has-medium-font-size\">\u00c9s una aplicaci\u00f3 perqu\u00e8 els m\u00e9s petits s&#8217;entretinguin dibuixant i pintant de la mateixa manera que ho farien en un paper. Compta amb una base de 250 dibuixos amb contingut educatiu per pintar encara que tamb\u00e9 t\u00e9 manera lliure per dibuixar i pintar els dissenys que ells prefereixin. Inclou una manera per pintar amb colors ne\u00f3 per als m\u00e9s creatius. \u00c9s una aplicaci\u00f3 dirigida per a nens de fins a 5 anys.<\/p>\n<\/div><\/div>\n","protected":false},"excerpt":{"rendered":"<p>\u00c9s una aplicaci\u00f3 perqu\u00e8 els m\u00e9s petits s&#8217;entretinguin dibuixant i pintant de la mateixa manera que ho farien en un paper. Compta amb una base de 250 dibuixos amb contingut educatiu per<a class=\"moretag\" href=\"https:\/\/nntt2.auria.org\/index.php\/recursos\/descarregues\/per-android\/coloring-and-learn-2\/\">Read More&#8230;<\/a><\/p>\n","protected":false},"author":1,"featured_media":0,"parent":894,"menu_order":0,"comment_status":"closed","ping_status":"closed","template":"","meta":{"footnotes":""},"class_list":["post-1947","page","type-page","status-publish","hentry"],"_links":{"self":[{"href":"https:\/\/nntt2.auria.org\/index.php\/wp-json\/wp\/v2\/pages\/1947","targetHints":{"allow":["GET"]}}],"collection":[{"href":"https:\/\/nntt2.auria.org\/index.php\/wp-json\/wp\/v2\/pages"}],"about":[{"href":"https:\/\/nntt2.auria.org\/index.php\/wp-json\/wp\/v2\/types\/page"}],"author":[{"embeddable":true,"href":"https:\/\/nntt2.auria.org\/index.php\/wp-json\/wp\/v2\/users\/1"}],"replies":[{"embeddable":true,"href":"https:\/\/nntt2.auria.org\/index.php\/wp-json\/wp\/v2\/comments?post=1947"}],"version-history":[{"count":1,"href":"https:\/\/nntt2.auria.org\/index.php\/wp-json\/wp\/v2\/pages\/1947\/revisions"}],"predecessor-version":[{"id":1949,"href":"https:\/\/nntt2.auria.org\/index.php\/wp-json\/wp\/v2\/pages\/1947\/revisions\/1949"}],"up":[{"embeddable":true,"href":"https:\/\/nntt2.auria.org\/index.php\/wp-json\/wp\/v2\/pages\/894"}],"wp:attachment":[{"href":"https:\/\/nntt2.auria.org\/index.php\/wp-json\/wp\/v2\/media?parent=1947"}],"curies":[{"name":"wp","href":"https:\/\/api.w.org\/{rel}","templated":true}]}}