{"id":1870,"date":"2020-11-30T10:58:43","date_gmt":"2020-11-30T09:58:43","guid":{"rendered":"https:\/\/nntt.auria.org\/?page_id=1870"},"modified":"2020-12-14T13:08:20","modified_gmt":"2020-12-14T12:08:20","slug":"marco-polo-clima","status":"publish","type":"page","link":"https:\/\/nntt2.auria.org\/index.php\/recursos\/descarregues\/per-ordinador\/marco-polo-clima\/","title":{"rendered":"Marco polo Clima"},"content":{"rendered":"\n<div class=\"wp-block-image\"><figure class=\"aligncenter\"><a href=\"https:\/\/play.google.com\/store\/apps\/details?id=com.gomarcopolo.weather\"><img loading=\"lazy\" decoding=\"async\" width=\"416\" height=\"317\" src=\"https:\/\/nntt2.auria.org\/wp-content\/uploads\/2020\/11\/marcoPoloClimaGran.png\" alt=\"\" class=\"wp-image-1871\" srcset=\"https:\/\/nntt2.auria.org\/wp-content\/uploads\/2020\/11\/marcoPoloClimaGran.png 416w, https:\/\/nntt2.auria.org\/wp-content\/uploads\/2020\/11\/marcoPoloClimaGran-300x229.png 300w\" sizes=\"auto, (max-width: 416px) 100vw, 416px\" \/><\/a><\/figure><\/div>\n\n\n\n<p>Aquesta aplicaci\u00f3 ens ensenya tot el relacionat amb el clima mentre juguem. Tempestes de neu, arcs de Sant Mart\u00ed, tempestes el\u00e8ctriques &#8230; Podrem anar canviant les condicions atmosf\u00e8riques per anar experimentant i aprenent tot. Podrem canviar la velocitat del vent, ajustar la temperatura o interactuar amb personatges o con\u00e8ixer animals i plantes.<\/p>\n\n\n\n<p>Una aplicaci\u00f3 molt senzilla, amb m\u00e9s de 50 elements interactius que faran que siguiem experts en el clima i la natura. Est\u00e0 disponible en castell\u00e0 i angl\u00e8s.<\/p>\n","protected":false},"excerpt":{"rendered":"<p>Aquesta aplicaci\u00f3 ens ensenya tot el relacionat amb el clima mentre juguem. Tempestes de neu, arcs de Sant Mart\u00ed, tempestes el\u00e8ctriques &#8230; Podrem anar canviant les condicions atmosf\u00e8riques per anar experimentant i<a class=\"moretag\" href=\"https:\/\/nntt2.auria.org\/index.php\/recursos\/descarregues\/per-ordinador\/marco-polo-clima\/\">Read More&#8230;<\/a><\/p>\n","protected":false},"author":1,"featured_media":0,"parent":892,"menu_order":0,"comment_status":"closed","ping_status":"closed","template":"","meta":{"footnotes":""},"class_list":["post-1870","page","type-page","status-publish","hentry"],"_links":{"self":[{"href":"https:\/\/nntt2.auria.org\/index.php\/wp-json\/wp\/v2\/pages\/1870","targetHints":{"allow":["GET"]}}],"collection":[{"href":"https:\/\/nntt2.auria.org\/index.php\/wp-json\/wp\/v2\/pages"}],"about":[{"href":"https:\/\/nntt2.auria.org\/index.php\/wp-json\/wp\/v2\/types\/page"}],"author":[{"embeddable":true,"href":"https:\/\/nntt2.auria.org\/index.php\/wp-json\/wp\/v2\/users\/1"}],"replies":[{"embeddable":true,"href":"https:\/\/nntt2.auria.org\/index.php\/wp-json\/wp\/v2\/comments?post=1870"}],"version-history":[{"count":2,"href":"https:\/\/nntt2.auria.org\/index.php\/wp-json\/wp\/v2\/pages\/1870\/revisions"}],"predecessor-version":[{"id":2051,"href":"https:\/\/nntt2.auria.org\/index.php\/wp-json\/wp\/v2\/pages\/1870\/revisions\/2051"}],"up":[{"embeddable":true,"href":"https:\/\/nntt2.auria.org\/index.php\/wp-json\/wp\/v2\/pages\/892"}],"wp:attachment":[{"href":"https:\/\/nntt2.auria.org\/index.php\/wp-json\/wp\/v2\/media?parent=1870"}],"curies":[{"name":"wp","href":"https:\/\/api.w.org\/{rel}","templated":true}]}}