{"id":1592,"date":"2020-10-27T15:27:17","date_gmt":"2020-10-27T15:27:17","guid":{"rendered":"https:\/\/nntt.auria.org\/?page_id=1592"},"modified":"2020-10-27T15:30:16","modified_gmt":"2020-10-27T15:30:16","slug":"solitari","status":"publish","type":"page","link":"https:\/\/nntt2.auria.org\/index.php\/recursos\/jocs\/solitari\/","title":{"rendered":"Solitari"},"content":{"rendered":"\n<div class=\"wp-block-media-text alignwide is-stacked-on-mobile is-vertically-aligned-top\" style=\"grid-template-columns:31% auto\"><figure class=\"wp-block-media-text__media\"><a href=\"https:\/\/www.google.com\/search?q=solitaire&amp;rlz=1C1GCEU_es&amp;oq=solitaire&amp;aqs=chrome..69i57j0l5j46j0.2807j0j15&amp;sourceid=chrome&amp;ie=UTF-8\" target=\"_blank\" rel=\"noopener noreferrer\"><img loading=\"lazy\" decoding=\"async\" width=\"414\" height=\"413\" src=\"https:\/\/nntt2.auria.org\/wp-content\/uploads\/2020\/10\/MiniJocSolitari.jpg\" alt=\"\" class=\"wp-image-1531\" srcset=\"https:\/\/nntt2.auria.org\/wp-content\/uploads\/2020\/10\/MiniJocSolitari.jpg 414w, https:\/\/nntt2.auria.org\/wp-content\/uploads\/2020\/10\/MiniJocSolitari-300x300.jpg 300w, https:\/\/nntt2.auria.org\/wp-content\/uploads\/2020\/10\/MiniJocSolitari-100x100.jpg 100w, https:\/\/nntt2.auria.org\/wp-content\/uploads\/2020\/10\/MiniJocSolitari-150x150.jpg 150w\" sizes=\"auto, (max-width: 414px) 100vw, 414px\" \/><\/a><\/figure><div class=\"wp-block-media-text__content\">\n<p>El cl\u00e0ssic solitari recreat, aquesta vegada, per Google. Per poder jugar-hi podeu accedir-hi mitjan\u00e7ant l&#8217;enlla\u00e7, fent clic a la imatge, o fent una cerca al Google amb la paraula <em>solitari<\/em>. Veureu que el primer resultat t\u00e9 un boto on hi diu <em>Jugar<\/em>, nom\u00e9s heu de fer clic i gaudir del joc.<\/p>\n\n\n\n<p>La finalitat i el funcionament \u00e9s exactament el mateix que el solitari original. S&#8217;ha d&#8217;aconseguir fer les <strong>escales de colors<\/strong> comen\u00e7ant per la carta m\u00e9s baixa. Aquestes s&#8217;han de col\u00b7locar <strong>a la part dreta del solitari<\/strong>, on hi han els quatre espais per a cada pal.<\/p>\n\n\n\n<p>Recordem que a la <strong>part central del solitari<\/strong>, on es poden moure les cartes, s&#8217;han de fer les <strong>escales tot alternat el color de les cartes<\/strong>. En el moment en que ja hagueu esgotat tots els moviments possibles podreu demanar <strong>cartes noves<\/strong> a la <strong>part esquerra del solitari<\/strong>.<\/p>\n\n\n\n<p>Tamb\u00e9 recordar-vos que l&#8217;ordre de les escales, de m\u00e9s baixa a m\u00e9s gran, \u00e9s: <strong>A, 1, 2, 3, 4, 5, 6, 7, 8, 9, J, Q, K.<\/strong><\/p>\n\n\n\n<p>Per interaccionar amb aquest joc ho haureu de fer mitjan\u00e7ant el ratol\u00ed.<\/p>\n\n\n\n<figure class=\"wp-block-image size-large is-resized\"><img loading=\"lazy\" decoding=\"async\" src=\"https:\/\/nntt2.auria.org\/wp-content\/uploads\/2020\/06\/mouse-1024x704.jpg\" alt=\"\" class=\"wp-image-395\" width=\"256\" height=\"176\" srcset=\"https:\/\/nntt2.auria.org\/wp-content\/uploads\/2020\/06\/mouse-1024x704.jpg 1024w, https:\/\/nntt2.auria.org\/wp-content\/uploads\/2020\/06\/mouse-600x413.jpg 600w, https:\/\/nntt2.auria.org\/wp-content\/uploads\/2020\/06\/mouse-300x206.jpg 300w, https:\/\/nntt2.auria.org\/wp-content\/uploads\/2020\/06\/mouse-768x528.jpg 768w, https:\/\/nntt2.auria.org\/wp-content\/uploads\/2020\/06\/mouse.jpg 1291w\" sizes=\"auto, (max-width: 256px) 100vw, 256px\" \/><\/figure>\n<\/div><\/div>\n","protected":false},"excerpt":{"rendered":"","protected":false},"author":1,"featured_media":0,"parent":15,"menu_order":0,"comment_status":"closed","ping_status":"closed","template":"","meta":{"footnotes":""},"class_list":["post-1592","page","type-page","status-publish","hentry"],"_links":{"self":[{"href":"https:\/\/nntt2.auria.org\/index.php\/wp-json\/wp\/v2\/pages\/1592","targetHints":{"allow":["GET"]}}],"collection":[{"href":"https:\/\/nntt2.auria.org\/index.php\/wp-json\/wp\/v2\/pages"}],"about":[{"href":"https:\/\/nntt2.auria.org\/index.php\/wp-json\/wp\/v2\/types\/page"}],"author":[{"embeddable":true,"href":"https:\/\/nntt2.auria.org\/index.php\/wp-json\/wp\/v2\/users\/1"}],"replies":[{"embeddable":true,"href":"https:\/\/nntt2.auria.org\/index.php\/wp-json\/wp\/v2\/comments?post=1592"}],"version-history":[{"count":2,"href":"https:\/\/nntt2.auria.org\/index.php\/wp-json\/wp\/v2\/pages\/1592\/revisions"}],"predecessor-version":[{"id":1594,"href":"https:\/\/nntt2.auria.org\/index.php\/wp-json\/wp\/v2\/pages\/1592\/revisions\/1594"}],"up":[{"embeddable":true,"href":"https:\/\/nntt2.auria.org\/index.php\/wp-json\/wp\/v2\/pages\/15"}],"wp:attachment":[{"href":"https:\/\/nntt2.auria.org\/index.php\/wp-json\/wp\/v2\/media?parent=1592"}],"curies":[{"name":"wp","href":"https:\/\/api.w.org\/{rel}","templated":true}]}}